Last updated on 2025-11-16 18:49:26 CET.
| Flavor | Version | Tinstall | Tcheck | Ttotal | Status | Flags |
|---|---|---|---|---|---|---|
| r-devel-linux-x86_64-debian-clang | 0.5.0 | 1.70 | 21.07 | 22.77 | OK | |
| r-devel-linux-x86_64-debian-gcc | 0.5.0 | 1.42 | 17.92 | 19.34 | NOTE | |
| r-devel-linux-x86_64-fedora-clang | 0.5.0 | 32.10 | OK | |||
| r-devel-linux-x86_64-fedora-gcc | 0.5.0 | 30.48 | OK | |||
| r-devel-windows-x86_64 | 0.5.0 | 6.00 | 39.00 | 45.00 | OK | |
| r-patched-linux-x86_64 | 0.5.0 | 1.82 | 18.69 | 20.51 | OK | |
| r-release-linux-x86_64 | 0.5.0 | 1.73 | 18.90 | 20.63 | OK | |
| r-release-macos-arm64 | 0.5.0 | 1.00 | 15.00 | 16.00 | OK | |
| r-release-macos-x86_64 | 0.5.0 | 2.00 | 22.00 | 24.00 | OK | |
| r-release-windows-x86_64 | 0.5.0 | 5.00 | 39.00 | 44.00 | OK | |
| r-oldrel-macos-arm64 | 0.5.0 | 1.00 | 17.00 | 18.00 | OK | |
| r-oldrel-macos-x86_64 | 0.5.0 | 1.00 | 20.00 | 21.00 | OK | |
| r-oldrel-windows-x86_64 | 0.5.0 | 5.00 | 44.00 | 49.00 | OK |
Version: 0.5.0
Check: CRAN incoming feasibility
Result: NOTE
Maintainer: ‘Steve Miller <steven.v.miller@gmail.com>’
The BugReports field in DESCRIPTION has
https://github.com/svmiller/codename/issues/
which should likely be
https://github.com/svmiller/codename/issues/issues
instead.
Flavor: r-devel-linux-x86_64-debian-gcc