Last updated on 2025-04-29 13:51:19 CEST.
Flavor | Version | Tinstall | Tcheck | Ttotal | Status | Flags |
---|---|---|---|---|---|---|
r-devel-linux-x86_64-debian-clang | 0.2.0 | 5.17 | 22.61 | 27.78 | OK | |
r-devel-linux-x86_64-debian-gcc | 0.2.0 | 4.59 | 18.23 | 22.82 | OK | |
r-devel-linux-x86_64-fedora-clang | 0.2.0 | 40.15 | OK | |||
r-devel-linux-x86_64-fedora-gcc | 0.2.0 | 39.71 | OK | |||
r-devel-windows-x86_64 | 0.2.0 | 6.00 | 38.00 | 44.00 | OK | |
r-patched-linux-x86_64 | 0.2.0 | 5.98 | 20.47 | 26.45 | OK | |
r-release-linux-x86_64 | 0.2.0 | 5.15 | 20.38 | 25.53 | OK | |
r-release-macos-arm64 | 0.2.0 | 20.00 | OK | |||
r-release-macos-x86_64 | 0.2.0 | 31.00 | OK | |||
r-release-windows-x86_64 | 0.2.0 | 6.00 | 39.00 | 45.00 | OK | |
r-oldrel-macos-arm64 | 0.2.0 | 23.00 | NOTE | |||
r-oldrel-macos-x86_64 | 0.2.0 | 36.00 | OK | |||
r-oldrel-windows-x86_64 | 0.2.0 | 7.00 | 37.00 | 44.00 | OK |
Version: 0.2.0
Check: installed package size
Result: NOTE
installed size is 5.4Mb
sub-directories of 1Mb or more:
data 5.2Mb
Flavor: r-oldrel-macos-arm64