Last updated on 2024-07-13 05:49:10 CEST.
Flavor | Version | Tinstall | Tcheck | Ttotal | Status | Flags |
---|---|---|---|---|---|---|
r-devel-linux-x86_64-debian-clang | 1.1.1 | 8.31 | 287.58 | 295.89 | OK | |
r-devel-linux-x86_64-debian-gcc | 1.1.1 | 8.07 | 199.97 | 208.04 | OK | |
r-devel-linux-x86_64-fedora-clang | 1.1.1 | 358.49 | NOTE | |||
r-devel-linux-x86_64-fedora-gcc | 1.1.1 | 355.04 | NOTE | |||
r-devel-windows-x86_64 | 1.1.1 | 12.00 | 283.00 | 295.00 | OK | |
r-patched-linux-x86_64 | 1.1.1 | 10.73 | 275.29 | 286.02 | OK | |
r-release-linux-x86_64 | 1.1.1 | 8.27 | 271.44 | 279.71 | OK | |
r-release-macos-arm64 | 1.1.1 | 124.00 | OK | |||
r-release-macos-x86_64 | 1.1.1 | 176.00 | OK | |||
r-release-windows-x86_64 | 1.1.1 | 10.00 | 286.00 | 296.00 | OK | |
r-oldrel-macos-arm64 | 1.1.1 | 134.00 | OK | |||
r-oldrel-macos-x86_64 | 1.1.1 | 221.00 | OK | |||
r-oldrel-windows-x86_64 | 1.1.1 | 14.00 | 354.00 | 368.00 | OK |
Version: 1.1.1
Check: data for non-ASCII characters
Result: NOTE
Note: found 89 marked Latin-1 strings
Note: found 1203 marked UTF-8 strings
Flavors: r-devel-linux-x86_64-fedora-clang, r-devel-linux-x86_64-fedora-gcc