CRAN Package Check Results for Package colocalization

Last updated on 2025-05-01 20:49:34 CEST.

Flavor Version Tinstall Tcheck Ttotal Status Flags
r-devel-linux-x86_64-debian-clang 1.0.2 7.76 68.19 75.95 NOTE
r-devel-linux-x86_64-debian-gcc 1.0.2 4.91 43.78 48.69 NOTE
r-devel-linux-x86_64-fedora-clang 1.0.2 110.15 OK
r-devel-linux-x86_64-fedora-gcc 1.0.2 103.27 OK
r-devel-windows-x86_64 1.0.2 9.00 75.00 84.00 OK
r-patched-linux-x86_64 1.0.2 6.87 63.39 70.26 OK
r-release-linux-x86_64 OK
r-release-macos-arm64 1.0.2 40.00 OK
r-release-macos-x86_64 1.0.2 56.00 OK
r-release-windows-x86_64 1.0.2 8.00 76.00 84.00 OK
r-oldrel-macos-arm64 1.0.2 32.00 OK
r-oldrel-macos-x86_64 1.0.2 47.00 OK
r-oldrel-windows-x86_64 1.0.2 10.00 96.00 106.00 OK

Check Details

Version: 1.0.2
Check: CRAN incoming feasibility
Result: NOTE Maintainer: ‘Hui Zhang <hzhang@northwestern.edu>’ No Authors@R field in DESCRIPTION. Please add one, modifying Authors@R: c(person(given = "Jiahui", family = "Xu", role = "aut"), person(given = "Xueyan", family = "Liu", role = "aut"), person(given = "Lin", family = "Li", role = "aut"), person(given = "Cheng", family = "Cheng", role = "aut"), person(given = "Hui", family = "Zhang", role = c("aut", "cre"), email = "hzhang@northwestern.edu")) as necessary. Flavors: r-devel-linux-x86_64-debian-clang, r-devel-linux-x86_64-debian-gcc

Version: 1.0.2
Check: examples
Result: NOTE Examples with CPU (user + system) or elapsed time > 5s user system elapsed nsincd 3.983 0.066 5.385 plot.colocal 3.968 0.044 5.093 Flavor: r-devel-linux-x86_64-debian-clang