CRAN Package Check Results for Package colorizer

Last updated on 2025-10-23 05:51:50 CEST.

Flavor Version Tinstall Tcheck Ttotal Status Flags
r-devel-linux-x86_64-debian-clang 0.1.0 5.30 40.16 45.46 OK
r-devel-linux-x86_64-debian-gcc 0.1.0 3.97 30.16 34.13 OK
r-devel-linux-x86_64-fedora-clang 0.1.0 56.04 OK
r-devel-linux-x86_64-fedora-gcc 0.1.0 13.00 50.60 63.60 OK
r-devel-windows-x86_64 0.1.0 6.00 53.00 59.00 OK
r-patched-linux-x86_64 0.1.0 5.27 37.04 42.31 OK
r-release-linux-x86_64 0.1.0 4.16 37.05 41.21 OK
r-release-macos-arm64 0.1.0 3.00 24.00 27.00 OK
r-release-macos-x86_64 0.1.0 4.00 35.00 39.00 OK
r-release-windows-x86_64 0.1.0 8.00 56.00 64.00 OK
r-oldrel-macos-arm64 0.1.0 2.00 21.00 23.00 NOTE
r-oldrel-macos-x86_64 0.1.0 4.00 29.00 33.00 NOTE
r-oldrel-windows-x86_64 0.1.0 8.00 65.00 73.00 NOTE

Check Details

Version: 0.1.0
Check: LazyData
Result: NOTE 'LazyData' is specified without a 'data' directory Flavors: r-oldrel-macos-arm64, r-oldrel-macos-x86_64, r-oldrel-windows-x86_64