Last updated on 2025-11-16 06:49:33 CET.
| Flavor | Version | Tinstall | Tcheck | Ttotal | Status | Flags |
|---|---|---|---|---|---|---|
| r-devel-linux-x86_64-debian-clang | 0.6.0 | 10.41 | 227.05 | 237.46 | NOTE | |
| r-devel-linux-x86_64-debian-gcc | 0.6.0 | 7.40 | 162.62 | 170.02 | NOTE | |
| r-devel-linux-x86_64-fedora-clang | 0.6.0 | 21.00 | 363.16 | 384.16 | NOTE | |
| r-devel-linux-x86_64-fedora-gcc | 0.6.0 | 20.00 | 358.17 | 378.17 | NOTE | |
| r-devel-windows-x86_64 | 0.6.0 | 15.00 | 227.00 | 242.00 | NOTE | |
| r-patched-linux-x86_64 | 0.6.0 | 10.49 | 215.59 | 226.08 | NOTE | |
| r-release-linux-x86_64 | 0.6.0 | 10.28 | 221.52 | 231.80 | NOTE | |
| r-release-macos-arm64 | 0.6.0 | 6.00 | 110.00 | 116.00 | NOTE | |
| r-release-macos-x86_64 | 0.6.0 | 9.00 | 178.00 | 187.00 | NOTE | |
| r-release-windows-x86_64 | 0.6.0 | 13.00 | 229.00 | 242.00 | NOTE | |
| r-oldrel-macos-arm64 | 0.6.0 | 5.00 | 92.00 | 97.00 | OK | |
| r-oldrel-macos-x86_64 | 0.6.0 | 8.00 | 156.00 | 164.00 | OK | |
| r-oldrel-windows-x86_64 | 0.6.0 | 17.00 | 281.00 | 298.00 | OK |
Version: 0.6.0
Check: DESCRIPTION meta-information
Result: NOTE
Missing dependency on R >= 4.1.0 because package code uses the pipe
|> or function shorthand \(...) syntax added in R 4.1.0.
File(s) using such syntax:
‘compareMCMCs.R’ ‘metrics-addMetrics.R’
Flavors: r-devel-linux-x86_64-debian-clang, r-devel-linux-x86_64-debian-gcc, r-devel-linux-x86_64-fedora-clang, r-devel-linux-x86_64-fedora-gcc, r-devel-windows-x86_64, r-patched-linux-x86_64, r-release-linux-x86_64, r-release-macos-arm64, r-release-macos-x86_64, r-release-windows-x86_64