Last updated on 2025-04-29 13:51:19 CEST.
Flavor | Version | Tinstall | Tcheck | Ttotal | Status | Flags |
---|---|---|---|---|---|---|
r-devel-linux-x86_64-debian-clang | 0.1.0 | 1.60 | 16.09 | 17.69 | NOTE | |
r-devel-linux-x86_64-debian-gcc | 0.1.0 | 1.28 | 13.56 | 14.84 | NOTE | |
r-devel-linux-x86_64-fedora-clang | 0.1.0 | 27.81 | OK | |||
r-devel-linux-x86_64-fedora-gcc | 0.1.0 | 26.43 | OK | |||
r-devel-windows-x86_64 | 0.1.0 | 3.00 | 37.00 | 40.00 | OK | |
r-patched-linux-x86_64 | 0.1.0 | 1.58 | 15.45 | 17.03 | OK | |
r-release-linux-x86_64 | 0.1.0 | 1.29 | 15.42 | 16.71 | OK | |
r-release-macos-arm64 | 0.1.0 | 13.00 | OK | |||
r-release-macos-x86_64 | 0.1.0 | 21.00 | OK | |||
r-release-windows-x86_64 | 0.1.0 | 2.00 | 39.00 | 41.00 | OK | |
r-oldrel-macos-arm64 | 0.1.0 | 19.00 | NOTE | |||
r-oldrel-macos-x86_64 | 0.1.0 | 20.00 | NOTE | |||
r-oldrel-windows-x86_64 | 0.1.0 | 2.00 | 37.00 | 39.00 | NOTE |
Version: 0.1.0
Check: CRAN incoming feasibility
Result: NOTE
Maintainer: ‘Zhicheng Du <dgdzc@hotmail.com>’
No Authors@R field in DESCRIPTION.
Please add one, modifying
Authors@R: c(person(given = "Zhicheng",
family = "Du",
role = c("aut", "cre"),
email = "dgdzc@hotmail.com"),
person(given = "Ziqiang",
family = "Lin",
role = "aut"),
person(given = "Yuantao",
family = "Hao",
role = "aut"))
as necessary.
Flavors: r-devel-linux-x86_64-debian-clang, r-devel-linux-x86_64-debian-gcc
Version: 0.1.0
Check: LazyData
Result: NOTE
'LazyData' is specified without a 'data' directory
Flavors: r-oldrel-macos-arm64, r-oldrel-macos-x86_64, r-oldrel-windows-x86_64