Last updated on 2025-05-17 13:49:33 CEST.
Flavor | Version | Tinstall | Tcheck | Ttotal | Status | Flags |
---|---|---|---|---|---|---|
r-devel-linux-x86_64-debian-clang | 2.0.4 | 11.32 | 75.75 | 87.07 | NOTE | |
r-devel-linux-x86_64-debian-gcc | 2.0.4 | 8.61 | 57.67 | 66.28 | NOTE | |
r-devel-linux-x86_64-fedora-clang | 2.0.4 | 135.61 | OK | |||
r-devel-linux-x86_64-fedora-gcc | 2.0.4 | 130.61 | OK | |||
r-devel-windows-x86_64 | 2.0.4 | 15.00 | 92.00 | 107.00 | OK | |
r-patched-linux-x86_64 | 2.0.4 | 11.41 | 71.78 | 83.19 | OK | |
r-release-linux-x86_64 | 2.0.4 | 10.12 | 71.88 | 82.00 | OK | |
r-release-macos-arm64 | 2.0.4 | 43.00 | OK | |||
r-release-macos-x86_64 | 2.0.4 | 101.00 | OK | |||
r-release-windows-x86_64 | 2.0.4 | 15.00 | 90.00 | 105.00 | OK | |
r-oldrel-macos-arm64 | 2.0.4 | 40.00 | OK | |||
r-oldrel-macos-x86_64 | 2.0.4 | 60.00 | OK | |||
r-oldrel-windows-x86_64 | 2.0.4 | 18.00 | 108.00 | 126.00 | OK |
Version: 2.0.4
Check: CRAN incoming feasibility
Result: NOTE
Maintainer: ‘Marta Sestelo <sestelo@uvigo.es>’
No Authors@R field in DESCRIPTION.
Please add one, modifying
Authors@R: c(person(given = "Luis",
family = "Meira-Machado",
role = "aut"),
person(given = "Marta",
family = "Sestelo",
role = c("aut", "cre"),
email = "sestelo@uvigo.es"))
as necessary.
Flavors: r-devel-linux-x86_64-debian-clang, r-devel-linux-x86_64-debian-gcc