Last updated on 2024-06-27 10:49:28 CEST.
Flavor | Version | Tinstall | Tcheck | Ttotal | Status | Flags |
---|---|---|---|---|---|---|
r-devel-linux-x86_64-debian-clang | 0.1.0 | NOTE | ||||
r-devel-linux-x86_64-debian-gcc | 0.1.0 | 4.42 | 50.00 | 54.42 | NOTE | |
r-devel-linux-x86_64-fedora-clang | 0.1.0 | 92.34 | NOTE | |||
r-devel-linux-x86_64-fedora-gcc | 0.1.0 | 105.48 | NOTE | |||
r-devel-windows-x86_64 | 0.1.0 | 6.00 | 68.00 | 74.00 | NOTE | |
r-patched-linux-x86_64 | 0.1.0 | 6.52 | 61.57 | 68.09 | NOTE | |
r-release-linux-x86_64 | 0.1.0 | 5.64 | 63.08 | 68.72 | NOTE | |
r-release-macos-arm64 | 0.1.0 | 35.00 | NOTE | |||
r-release-macos-x86_64 | 0.1.0 | 51.00 | NOTE | |||
r-release-windows-x86_64 | 0.1.0 | 7.00 | 69.00 | 76.00 | NOTE | |
r-oldrel-macos-arm64 | 0.1.0 | 43.00 | NOTE | |||
r-oldrel-macos-x86_64 | 0.1.0 | 63.00 | NOTE | |||
r-oldrel-windows-x86_64 | 0.1.0 | 8.00 | 76.00 | 84.00 | NOTE |
Version: 0.1.0
Check: R code for possible problems
Result: NOTE
run_pipeline_gbq: no visible global function definition for
‘query_exec’
Undefined global functions or variables:
query_exec
Flavors: r-devel-linux-x86_64-debian-clang, r-devel-linux-x86_64-debian-gcc, r-devel-linux-x86_64-fedora-clang, r-devel-linux-x86_64-fedora-gcc, r-devel-windows-x86_64, r-patched-linux-x86_64, r-release-linux-x86_64, r-release-macos-arm64, r-release-macos-x86_64, r-release-windows-x86_64, r-oldrel-windows-x86_64
Version: 0.1.0
Check: LazyData
Result: NOTE
'LazyData' is specified without a 'data' directory
Flavors: r-devel-linux-x86_64-debian-clang, r-devel-linux-x86_64-debian-gcc, r-devel-linux-x86_64-fedora-clang, r-devel-linux-x86_64-fedora-gcc, r-devel-windows-x86_64, r-patched-linux-x86_64, r-release-linux-x86_64, r-release-macos-arm64, r-release-macos-x86_64, r-release-windows-x86_64, r-oldrel-macos-arm64, r-oldrel-macos-x86_64, r-oldrel-windows-x86_64