Last updated on 2025-04-29 13:51:19 CEST.
Flavor | Version | Tinstall | Tcheck | Ttotal | Status | Flags |
---|---|---|---|---|---|---|
r-devel-linux-x86_64-debian-clang | 1.1.6 | 2.57 | 20.39 | 22.96 | NOTE | |
r-devel-linux-x86_64-debian-gcc | 1.1.6 | 1.70 | 16.43 | 18.13 | NOTE | |
r-devel-linux-x86_64-fedora-clang | 1.1.6 | 36.62 | OK | |||
r-devel-linux-x86_64-fedora-gcc | 1.1.6 | 34.94 | OK | |||
r-devel-windows-x86_64 | 1.1.6 | 3.00 | 38.00 | 41.00 | OK | |
r-patched-linux-x86_64 | 1.1.6 | 2.58 | 19.52 | 22.10 | OK | |
r-release-linux-x86_64 | 1.1.6 | 2.28 | 19.54 | 21.82 | OK | |
r-release-macos-arm64 | 1.1.6 | 16.00 | OK | |||
r-release-macos-x86_64 | 1.1.6 | 25.00 | OK | |||
r-release-windows-x86_64 | 1.1.6 | 3.00 | 42.00 | 45.00 | OK | |
r-oldrel-macos-arm64 | 1.1.6 | 19.00 | OK | |||
r-oldrel-macos-x86_64 | 1.1.6 | 26.00 | OK | |||
r-oldrel-windows-x86_64 | 1.1.6 | 3.00 | 37.00 | 40.00 | OK |
Version: 1.1.6
Check: CRAN incoming feasibility
Result: NOTE
Maintainer: ‘Alexis Dinno <alexis.dinno@pdx.edu>’
No Authors@R field in DESCRIPTION.
Please add one, modifying
Authors@R: person(given = "Alexis",
family = "Dinno",
role = c("aut", "cre"),
email = "alexis.dinno@pdx.edu")
as necessary.
Flavors: r-devel-linux-x86_64-debian-clang, r-devel-linux-x86_64-debian-gcc