Last updated on 2024-06-27 10:49:28 CEST.
Flavor | Version | Tinstall | Tcheck | Ttotal | Status | Flags |
---|---|---|---|---|---|---|
r-devel-linux-x86_64-debian-clang | 1.0.5 | NOTE | ||||
r-devel-linux-x86_64-debian-gcc | 1.0.5 | 25.88 | 27.08 | 52.96 | NOTE | |
r-devel-linux-x86_64-fedora-clang | 1.0.5 | 110.32 | NOTE | |||
r-devel-linux-x86_64-fedora-gcc | 1.0.5 | 109.73 | NOTE | |||
r-devel-windows-x86_64 | 1.0.5 | 31.00 | 68.00 | 99.00 | NOTE | |
r-patched-linux-x86_64 | 1.0.5 | 30.43 | 34.14 | 64.57 | NOTE | |
r-release-linux-x86_64 | 1.0.5 | 32.23 | 35.03 | 67.26 | NOTE | |
r-release-macos-arm64 | 1.0.5 | 29.00 | NOTE | |||
r-release-macos-x86_64 | 1.0.5 | 36.00 | NOTE | |||
r-release-windows-x86_64 | 1.0.5 | 33.00 | 71.00 | 104.00 | NOTE | |
r-oldrel-macos-arm64 | 1.0.5 | 34.00 | NOTE | |||
r-oldrel-macos-x86_64 | 1.0.5 | 49.00 | NOTE | |||
r-oldrel-windows-x86_64 | 1.0.5 | 40.00 | 77.00 | 117.00 | NOTE |
Version: 1.0.5
Check: C++ specification
Result: NOTE
Specified C++11: please drop specification unless essential
Flavors: r-devel-linux-x86_64-debian-clang, r-devel-linux-x86_64-debian-gcc, r-devel-linux-x86_64-fedora-clang, r-devel-linux-x86_64-fedora-gcc, r-devel-windows-x86_64, r-patched-linux-x86_64, r-release-linux-x86_64, r-release-macos-arm64, r-release-macos-x86_64, r-release-windows-x86_64, r-oldrel-macos-arm64, r-oldrel-macos-x86_64, r-oldrel-windows-x86_64
Version: 1.0.5
Check: Rd files
Result: NOTE
checkRd: (-1) getConvexHull.Rd:28: Lost braces in \itemize; meant \describe ?
checkRd: (-1) getConvexHull.Rd:29: Lost braces in \itemize; meant \describe ?
checkRd: (-1) getConvexHull.Rd:30: Lost braces in \itemize; meant \describe ?
Flavors: r-devel-linux-x86_64-debian-clang, r-devel-linux-x86_64-debian-gcc, r-devel-linux-x86_64-fedora-clang, r-devel-linux-x86_64-fedora-gcc, r-devel-windows-x86_64, r-patched-linux-x86_64, r-release-linux-x86_64, r-release-macos-arm64, r-release-macos-x86_64, r-release-windows-x86_64
Version: 1.0.5
Check: compiled code
Result: NOTE
File ‘contoureR/libs/contoureR.so’:
Found no calls to: ‘R_registerRoutines’, ‘R_useDynamicSymbols’
It is good practice to register native routines and to disable symbol
search.
See ‘Writing portable packages’ in the ‘Writing R Extensions’ manual.
Flavors: r-devel-linux-x86_64-fedora-clang, r-devel-linux-x86_64-fedora-gcc