Last updated on 2024-06-27 16:49:02 CEST.
Flavor | Version | Tinstall | Tcheck | Ttotal | Status | Flags |
---|---|---|---|---|---|---|
r-devel-linux-x86_64-debian-clang | 0.2.2 | OK | ||||
r-devel-linux-x86_64-debian-gcc | 0.2.2 | 5.02 | 39.08 | 44.10 | OK | |
r-devel-linux-x86_64-fedora-clang | 0.2.2 | 99.00 | NOTE | |||
r-devel-linux-x86_64-fedora-gcc | 0.2.2 | 108.32 | NOTE | |||
r-devel-windows-x86_64 | 0.2.2 | 6.00 | 220.00 | 226.00 | OK | |
r-patched-linux-x86_64 | 0.2.2 | 4.94 | 49.62 | 54.56 | OK | |
r-release-linux-x86_64 | 0.2.2 | 4.73 | 50.63 | 55.36 | OK | |
r-release-macos-arm64 | 0.2.2 | 32.00 | OK | |||
r-release-macos-x86_64 | 0.2.2 | 62.00 | OK | |||
r-release-windows-x86_64 | 0.2.2 | 8.00 | 205.00 | 213.00 | OK | |
r-oldrel-macos-arm64 | 0.2.2 | 32.00 | OK | |||
r-oldrel-macos-x86_64 | 0.2.2 | 48.00 | OK | |||
r-oldrel-windows-x86_64 | 0.2.2 | 8.00 | 787.00 | 795.00 | OK |
Version: 0.2.2
Check: data for non-ASCII characters
Result: NOTE
Note: found 3 marked UTF-8 strings
Flavors: r-devel-linux-x86_64-fedora-clang, r-devel-linux-x86_64-fedora-gcc