Last updated on 2025-04-29 13:51:19 CEST.
Flavor | Version | Tinstall | Tcheck | Ttotal | Status | Flags |
---|---|---|---|---|---|---|
r-devel-linux-x86_64-debian-clang | 1.0-0 | 1.84 | 22.91 | 24.75 | NOTE | |
r-devel-linux-x86_64-debian-gcc | 1.0-0 | 1.38 | 17.55 | 18.93 | OK | |
r-devel-linux-x86_64-fedora-clang | 1.0-0 | 39.15 | OK | |||
r-devel-linux-x86_64-fedora-gcc | 1.0-0 | 37.48 | OK | |||
r-devel-windows-x86_64 | 1.0-0 | 2.00 | 44.00 | 46.00 | OK | |
r-patched-linux-x86_64 | 1.0-0 | 1.88 | 21.93 | 23.81 | OK | |
r-release-linux-x86_64 | 1.0-0 | 1.51 | 22.63 | 24.14 | OK | |
r-release-macos-arm64 | 1.0-0 | 17.00 | OK | |||
r-release-macos-x86_64 | 1.0-0 | 26.00 | OK | |||
r-release-windows-x86_64 | 1.0-0 | 3.00 | 48.00 | 51.00 | OK | |
r-oldrel-macos-arm64 | 1.0-0 | 21.00 | OK | |||
r-oldrel-macos-x86_64 | 1.0-0 | 24.00 | OK | |||
r-oldrel-windows-x86_64 | 1.0-0 | 3.00 | 43.00 | 46.00 | OK |
Version: 1.0-0
Check: examples
Result: NOTE
Examples with CPU (user + system) or elapsed time > 5s
user system elapsed
corTESTsrd 4.954 0.016 6.054
Flavor: r-devel-linux-x86_64-debian-clang