Last updated on 2024-07-13 05:49:10 CEST.
Flavor | Version | Tinstall | Tcheck | Ttotal | Status | Flags |
---|---|---|---|---|---|---|
r-devel-linux-x86_64-debian-clang | 1.3.3 | 33.91 | 364.13 | 398.04 | NOTE | |
r-devel-linux-x86_64-debian-gcc | 1.3.3 | 24.78 | 257.09 | 281.87 | NOTE | |
r-devel-linux-x86_64-fedora-clang | 1.3.3 | 483.92 | NOTE | |||
r-devel-linux-x86_64-fedora-gcc | 1.3.3 | 471.74 | NOTE | |||
r-devel-windows-x86_64 | 1.3.3 | 24.00 | 232.00 | 256.00 | NOTE | |
r-patched-linux-x86_64 | 1.3.3 | 26.39 | 345.66 | 372.05 | NOTE | |
r-release-linux-x86_64 | 1.3.3 | 31.44 | 341.70 | 373.14 | NOTE | |
r-release-macos-arm64 | 1.3.3 | 113.00 | NOTE | |||
r-release-macos-x86_64 | 1.3.3 | 199.00 | NOTE | |||
r-release-windows-x86_64 | 1.3.3 | 25.00 | 238.00 | 263.00 | NOTE | |
r-oldrel-macos-arm64 | 1.3.3 | 123.00 | OK | |||
r-oldrel-macos-x86_64 | 1.3.3 | 222.00 | OK | |||
r-oldrel-windows-x86_64 | 1.3.3 | 34.00 | 303.00 | 337.00 | OK |
Version: 1.3.3
Check: Rd files
Result: NOTE
checkRd: (-1) getSurface.Rd:22: Lost braces
22 | value \code{getSurface} shortens the output of \code{conv} to remove artificial surface layers. The output is thus a subset of the input, and identical in structure to the /code{conv} output.
| ^
Flavors: r-devel-linux-x86_64-debian-clang, r-devel-linux-x86_64-debian-gcc, r-devel-linux-x86_64-fedora-clang, r-devel-linux-x86_64-fedora-gcc, r-devel-windows-x86_64, r-patched-linux-x86_64, r-release-linux-x86_64, r-release-macos-arm64, r-release-macos-x86_64, r-release-windows-x86_64