Last updated on 2025-11-18 14:52:34 CET.
| Flavor | Version | Tinstall | Tcheck | Ttotal | Status | Flags |
|---|---|---|---|---|---|---|
| r-devel-linux-x86_64-debian-clang | 1.0 | 1.70 | 20.95 | 22.65 | OK | |
| r-devel-linux-x86_64-debian-gcc | 1.0 | 1.55 | 17.35 | 18.90 | OK | |
| r-devel-linux-x86_64-fedora-clang | 1.0 | 31.47 | OK | |||
| r-devel-linux-x86_64-fedora-gcc | 1.0 | 33.51 | OK | |||
| r-devel-windows-x86_64 | 1.0 | 3.00 | 41.00 | 44.00 | NOTE | |
| r-patched-linux-x86_64 | 1.0 | 1.93 | 19.90 | 21.83 | OK | |
| r-release-linux-x86_64 | 1.0 | 1.83 | 19.73 | 21.56 | OK | |
| r-release-macos-arm64 | 1.0 | 1.00 | 15.00 | 16.00 | OK | |
| r-release-macos-x86_64 | 1.0 | 2.00 | 25.00 | 27.00 | OK | |
| r-release-windows-x86_64 | 1.0 | 3.00 | 42.00 | 45.00 | OK | |
| r-oldrel-macos-arm64 | 1.0 | 1.00 | 19.00 | 20.00 | OK | |
| r-oldrel-macos-x86_64 | 1.0 | 2.00 | 25.00 | 27.00 | OK | |
| r-oldrel-windows-x86_64 | 1.0 | 4.00 | 46.00 | 50.00 | OK |
Version: 1.0
Check: Rd files
Result: NOTE
checkRd: (-1) corpmetrics-package.Rd:11-17: Only 3 columns allowed in this table (row 1 has 2)
checkRd: (-1) corpmetrics-package.Rd:11-17: Only 3 columns allowed in this table (row 2 has 2)
checkRd: (-1) corpmetrics-package.Rd:11-17: Only 3 columns allowed in this table (row 3 has 2)
checkRd: (-1) corpmetrics-package.Rd:11-17: Only 3 columns allowed in this table (row 4 has 2)
checkRd: (-1) corpmetrics-package.Rd:11-17: Only 3 columns allowed in this table (row 5 has 2)
Flavor: r-devel-windows-x86_64