Last updated on 2024-06-27 16:49:02 CEST.
Flavor | Version | Tinstall | Tcheck | Ttotal | Status | Flags |
---|---|---|---|---|---|---|
r-devel-linux-x86_64-debian-clang | 0.8.5 | OK | ||||
r-devel-linux-x86_64-debian-gcc | 0.8.5 | 4.39 | 152.84 | 157.23 | OK | |
r-devel-linux-x86_64-fedora-clang | 0.8.5 | 269.50 | OK | |||
r-devel-linux-x86_64-fedora-gcc | 0.8.5 | 266.87 | OK | |||
r-devel-windows-x86_64 | 0.8.5 | 5.00 | 166.00 | 171.00 | OK | |
r-patched-linux-x86_64 | 0.8.5 | 10.94 | 197.28 | 208.22 | OK | |
r-release-linux-x86_64 | 0.8.5 | 4.64 | 203.82 | 208.46 | OK | |
r-release-macos-arm64 | 0.8.5 | 81.00 | OK | |||
r-release-macos-x86_64 | 0.8.5 | 253.00 | OK | |||
r-release-windows-x86_64 | 0.8.5 | 12.00 | 161.00 | 173.00 | OK | |
r-oldrel-macos-arm64 | 0.8.5 | 10.00 | ERROR | |||
r-oldrel-macos-x86_64 | 0.8.5 | 11.00 | ERROR | |||
r-oldrel-windows-x86_64 | 0.8.5 | 7.00 | 204.00 | 211.00 | OK |
Version: 0.8.5
Check: package dependencies
Result: ERROR
Package required and available but unsuitable version: ‘datawizard’
See section ‘The DESCRIPTION file’ in the ‘Writing R Extensions’
manual.
Flavors: r-oldrel-macos-arm64, r-oldrel-macos-x86_64