Last updated on 2025-10-24 05:50:35 CEST.
| Flavor | Version | Tinstall | Tcheck | Ttotal | Status | Flags |
|---|---|---|---|---|---|---|
| r-devel-linux-x86_64-debian-clang | 0.0.1 | 3.64 | 36.36 | 40.00 | NOTE | |
| r-devel-linux-x86_64-debian-gcc | 0.0.1 | 2.71 | 27.19 | 29.90 | NOTE | |
| r-devel-linux-x86_64-fedora-clang | 0.0.1 | 43.33 | OK | |||
| r-devel-linux-x86_64-fedora-gcc | 0.0.1 | 54.06 | OK | |||
| r-devel-windows-x86_64 | 0.0.1 | 4.00 | 55.00 | 59.00 | OK | |
| r-patched-linux-x86_64 | 0.0.1 | 3.77 | 34.93 | 38.70 | OK | |
| r-release-linux-x86_64 | 0.0.1 | 2.96 | 34.87 | 37.83 | OK | |
| r-release-macos-arm64 | 0.0.1 | 2.00 | 21.00 | 23.00 | OK | |
| r-release-macos-x86_64 | 0.0.1 | 3.00 | 33.00 | 36.00 | OK | |
| r-release-windows-x86_64 | 0.0.1 | 4.00 | 56.00 | 60.00 | OK | |
| r-oldrel-macos-arm64 | 0.0.1 | 2.00 | 19.00 | 21.00 | NOTE | |
| r-oldrel-macos-x86_64 | 0.0.1 | 4.00 | 28.00 | 32.00 | NOTE | |
| r-oldrel-windows-x86_64 | 0.0.1 | 5.00 | 62.00 | 67.00 | NOTE |
Version: 0.0.1
Check: CRAN incoming feasibility
Result: NOTE
Maintainer: ‘Gary Witt <gary.witt@temple.edu>’
No Authors@R field in DESCRIPTION.
Please add one, modifying
Authors@R: c(person(given = "Chris",
family = "Rohlfs",
role = "aut"),
person(given = "Gary",
family = "Witt",
role = c("aut", "cre"),
email = "gary.witt@temple.edu"))
as necessary.
Flavors: r-devel-linux-x86_64-debian-clang, r-devel-linux-x86_64-debian-gcc
Version: 0.0.1
Check: LazyData
Result: NOTE
'LazyData' is specified without a 'data' directory
Flavors: r-oldrel-macos-arm64, r-oldrel-macos-x86_64, r-oldrel-windows-x86_64