Last updated on 2025-04-29 13:51:19 CEST.
Flavor | Version | Tinstall | Tcheck | Ttotal | Status | Flags |
---|---|---|---|---|---|---|
r-devel-linux-x86_64-debian-clang | 1.6-9 | 1.83 | 21.51 | 23.34 | NOTE | |
r-devel-linux-x86_64-debian-gcc | 1.6-9 | 1.84 | 17.06 | 18.90 | NOTE | |
r-devel-linux-x86_64-fedora-clang | 1.6-9 | 36.75 | OK | |||
r-devel-linux-x86_64-fedora-gcc | 1.6-9 | 36.13 | OK | |||
r-devel-windows-x86_64 | 1.6-9 | 4.00 | 43.00 | 47.00 | OK | |
r-patched-linux-x86_64 | 1.6-9 | 2.17 | 20.93 | 23.10 | OK | |
r-release-linux-x86_64 | 1.6-9 | 2.30 | 20.79 | 23.09 | OK | |
r-release-macos-arm64 | 1.6-9 | 18.00 | OK | |||
r-release-macos-x86_64 | 1.6-9 | 25.00 | OK | |||
r-release-windows-x86_64 | 1.6-9 | 3.00 | 47.00 | 50.00 | OK | |
r-oldrel-macos-arm64 | 1.6-9 | 20.00 | OK | |||
r-oldrel-macos-x86_64 | 1.6-9 | 24.00 | OK | |||
r-oldrel-windows-x86_64 | 1.6-9 | 3.00 | 42.00 | 45.00 | OK |
Version: 1.6-9
Check: CRAN incoming feasibility
Result: NOTE
Maintainer: ‘Michael G. Campana <campanam@si.edu>’
No Authors@R field in DESCRIPTION.
Please add one, modifying
Authors@R: person(given = c("Michael", "G."),
family = "Campana",
role = c("aut", "cre"),
email = "campanam@si.edu")
as necessary.
Package CITATION file contains call(s) to old-style personList() or
as.personList(). Please use c() on person objects instead.
The BugReports field in DESCRIPTION has
https://github.com/campanam/rCorrSieve
which should likely be
https://github.com/campanam/rCorrSieve/issues
instead.
Flavors: r-devel-linux-x86_64-debian-clang, r-devel-linux-x86_64-debian-gcc