Last updated on 2025-07-18 07:49:27 CEST.
Flavor | Version | Tinstall | Tcheck | Ttotal | Status | Flags |
---|---|---|---|---|---|---|
r-devel-linux-x86_64-debian-clang | 0.2.1 | 8.62 | 88.75 | 97.37 | NOTE | |
r-devel-linux-x86_64-debian-gcc | 0.2.1 | 6.16 | 63.34 | 69.50 | NOTE | |
r-devel-linux-x86_64-fedora-clang | 0.2.1 | 147.98 | OK | |||
r-devel-linux-x86_64-fedora-gcc | 0.2.1 | 154.19 | OK | |||
r-devel-windows-x86_64 | 0.2.1 | 9.00 | 95.00 | 104.00 | OK | |
r-patched-linux-x86_64 | 0.2.1 | 8.53 | 83.75 | 92.28 | OK | |
r-release-linux-x86_64 | 0.2.1 | 8.28 | 83.26 | 91.54 | OK | |
r-release-macos-arm64 | 0.2.1 | 45.00 | OK | |||
r-release-macos-x86_64 | 0.2.1 | 89.00 | OK | |||
r-release-windows-x86_64 | 0.2.1 | 11.00 | 96.00 | 107.00 | OK | |
r-oldrel-macos-arm64 | 0.2.1 | 47.00 | OK | |||
r-oldrel-macos-x86_64 | 0.2.1 | 83.00 | OK | |||
r-oldrel-windows-x86_64 | 0.2.1 | 13.00 | 119.00 | 132.00 | OK |
Version: 0.2.1
Check: CRAN incoming feasibility
Result: NOTE
Maintainer: ‘Augustin Mutak <mutak94@gmail.com>’
No Authors@R field in DESCRIPTION.
Please add one, modifying
Authors@R: person(given = "Augustin",
family = "Mutak",
role = c("aut", "cre"),
email = "mutak94@gmail.com")
as necessary.
Flavors: r-devel-linux-x86_64-debian-clang, r-devel-linux-x86_64-debian-gcc