Last updated on 2025-04-29 13:51:19 CEST.
Flavor | Version | Tinstall | Tcheck | Ttotal | Status | Flags |
---|---|---|---|---|---|---|
r-devel-linux-x86_64-debian-clang | 0.1.2.10 | 3.37 | 19.49 | 22.86 | NOTE | |
r-devel-linux-x86_64-debian-gcc | 0.1.2.10 | 2.44 | 16.17 | 18.61 | NOTE | |
r-devel-linux-x86_64-fedora-clang | 0.1.2.10 | 35.90 | OK | |||
r-devel-linux-x86_64-fedora-gcc | 0.1.2.10 | 33.87 | OK | |||
r-devel-windows-x86_64 | 0.1.2.10 | 6.00 | 46.00 | 52.00 | OK | |
r-patched-linux-x86_64 | 0.1.2.10 | 2.91 | 18.88 | 21.79 | OK | |
r-release-linux-x86_64 | 0.1.2.10 | 3.06 | 18.81 | 21.87 | OK | |
r-release-macos-arm64 | 0.1.2.10 | 17.00 | OK | |||
r-release-macos-x86_64 | 0.1.2.10 | 26.00 | OK | |||
r-release-windows-x86_64 | 0.1.2.10 | 5.00 | 49.00 | 54.00 | OK | |
r-oldrel-macos-arm64 | 0.1.2.10 | 13.00 | OK | |||
r-oldrel-macos-x86_64 | 0.1.2.10 | 23.00 | OK | |||
r-oldrel-windows-x86_64 | 0.1.2.10 | 6.00 | 45.00 | 51.00 | OK |
Version: 0.1.2.10
Check: CRAN incoming feasibility
Result: NOTE
Maintainer: ‘David Cortes <david.cortes.rivera@gmail.com>’
No Authors@R field in DESCRIPTION.
Please add one, modifying
Authors@R: person(given = "David",
family = "Cortes",
role = c("aut", "cre"),
email = "david.cortes.rivera@gmail.com")
as necessary.
Flavors: r-devel-linux-x86_64-debian-clang, r-devel-linux-x86_64-debian-gcc