Last updated on 2025-04-29 13:51:20 CEST.
Flavor | Version | Tinstall | Tcheck | Ttotal | Status | Flags |
---|---|---|---|---|---|---|
r-devel-linux-x86_64-debian-clang | 1.0.1 | 7.23 | 75.37 | 82.60 | NOTE | |
r-devel-linux-x86_64-debian-gcc | 1.0.1 | 4.62 | 45.83 | 50.45 | NOTE | |
r-devel-linux-x86_64-fedora-clang | 1.0.1 | 133.43 | OK | |||
r-devel-linux-x86_64-fedora-gcc | 1.0.1 | 125.28 | OK | |||
r-devel-windows-x86_64 | 1.0.1 | 7.00 | 86.00 | 93.00 | OK | |
r-patched-linux-x86_64 | 1.0.1 | 6.83 | 70.89 | 77.72 | OK | |
r-release-linux-x86_64 | 1.0.1 | 6.61 | 71.93 | 78.54 | OK | |
r-release-macos-arm64 | 1.0.1 | 35.00 | OK | |||
r-release-macos-x86_64 | 1.0.1 | 66.00 | OK | |||
r-release-windows-x86_64 | 1.0.1 | 7.00 | 90.00 | 97.00 | OK | |
r-oldrel-macos-arm64 | 1.0.1 | 30.00 | OK | |||
r-oldrel-macos-x86_64 | 1.0.1 | 50.00 | OK | |||
r-oldrel-windows-x86_64 | 1.0.1 | 7.00 | 83.00 | 90.00 | OK |
Version: 1.0.1
Check: examples
Result: NOTE
Examples with CPU (user + system) or elapsed time > 5s
user system elapsed
DABCD.sim 11.802 0.006 14.670
KER.sim 10.624 0.004 12.301
ECADE.sim 10.439 0.012 12.693
Flavor: r-devel-linux-x86_64-debian-clang
Version: 1.0.1
Check: examples
Result: NOTE
Examples with CPU (user + system) or elapsed time > 5s
user system elapsed
DABCD.sim 5.718 0.002 7.281
KER.sim 5.534 0.015 6.685
ECADE.sim 5.087 0.004 6.315
Flavor: r-devel-linux-x86_64-debian-gcc