Last updated on 2024-07-13 11:49:10 CEST.
Flavor | Version | Tinstall | Tcheck | Ttotal | Status | Flags |
---|---|---|---|---|---|---|
r-devel-linux-x86_64-debian-clang | 1.2.3 | 19.88 | 111.70 | 131.58 | OK | |
r-devel-linux-x86_64-debian-gcc | 1.2.3 | 16.55 | 81.61 | 98.16 | OK | |
r-devel-linux-x86_64-fedora-clang | 1.2.3 | 163.74 | NOTE | |||
r-devel-linux-x86_64-fedora-gcc | 1.2.3 | 152.60 | NOTE | |||
r-devel-windows-x86_64 | 1.2.3 | 18.00 | 95.00 | 113.00 | OK | |
r-patched-linux-x86_64 | 1.2.3 | 18.68 | 108.16 | 126.84 | OK | |
r-release-linux-x86_64 | 1.2.3 | 22.40 | 105.06 | 127.46 | OK | |
r-release-macos-arm64 | 1.2.3 | 45.00 | OK | |||
r-release-macos-x86_64 | 1.2.3 | 72.00 | OK | |||
r-release-windows-x86_64 | 1.2.3 | 17.00 | 96.00 | 113.00 | OK | |
r-oldrel-macos-arm64 | 1.2.3 | 42.00 | OK | |||
r-oldrel-macos-x86_64 | 1.2.3 | 121.00 | OK | |||
r-oldrel-windows-x86_64 | 1.2.3 | 21.00 | 113.00 | 134.00 | OK |
Version: 1.2.3
Check: dependencies in R code
Result: NOTE
Namespace in Imports field not imported from: ‘gstat’
All declared Imports should be used.
Flavors: r-devel-linux-x86_64-fedora-clang, r-devel-linux-x86_64-fedora-gcc