Last updated on 2024-07-13 05:49:10 CEST.
Flavor | Version | Tinstall | Tcheck | Ttotal | Status | Flags |
---|---|---|---|---|---|---|
r-devel-linux-x86_64-debian-clang | 0.0.1 | 3.25 | 186.40 | 189.65 | OK | |
r-devel-linux-x86_64-debian-gcc | 0.0.1 | 3.08 | 140.53 | 143.61 | OK | |
r-devel-linux-x86_64-fedora-clang | 0.0.1 | 241.46 | OK | |||
r-devel-linux-x86_64-fedora-gcc | 0.0.1 | 129.16 | NOTE | |||
r-devel-windows-x86_64 | 0.0.1 | 8.00 | 211.00 | 219.00 | OK | |
r-patched-linux-x86_64 | 0.0.1 | 3.53 | 181.45 | 184.98 | OK | |
r-release-macos-arm64 | 0.0.1 | 99.00 | OK | |||
r-release-macos-x86_64 | 0.0.1 | 235.00 | OK | |||
r-release-windows-x86_64 | 0.0.1 | 9.00 | 210.00 | 219.00 | OK | |
r-oldrel-macos-arm64 | 0.0.1 | 120.00 | OK | |||
r-oldrel-macos-x86_64 | 0.0.1 | 257.00 | OK | |||
r-oldrel-windows-x86_64 | 0.0.1 | 10.00 | 253.00 | 263.00 | OK |
Version: 0.0.1
Check: for non-standard things in the check directory
Result: NOTE
Found the following files/directories:
‘examplepkg’
Flavor: r-devel-linux-x86_64-fedora-gcc