Last updated on 2024-07-13 11:49:10 CEST.
Flavor | Version | Tinstall | Tcheck | Ttotal | Status | Flags |
---|---|---|---|---|---|---|
r-devel-linux-x86_64-debian-clang | 0.1.4 | 4.59 | 81.13 | 85.72 | NOTE | |
r-devel-linux-x86_64-debian-gcc | 0.1.4 | 3.47 | 60.02 | 63.49 | NOTE | |
r-devel-linux-x86_64-fedora-clang | 0.1.4 | 113.34 | NOTE | |||
r-devel-linux-x86_64-fedora-gcc | 0.1.4 | 110.94 | NOTE | |||
r-devel-windows-x86_64 | 0.1.4 | 5.00 | 78.00 | 83.00 | NOTE | |
r-patched-linux-x86_64 | 0.1.4 | 7.27 | 74.61 | 81.88 | NOTE | |
r-release-linux-x86_64 | 0.1.4 | 3.41 | 89.01 | 92.42 | NOTE | |
r-release-macos-arm64 | 0.1.4 | 53.00 | NOTE | |||
r-release-macos-x86_64 | 0.1.4 | 100.00 | NOTE | |||
r-release-windows-x86_64 | 0.1.4 | 5.00 | 90.00 | 95.00 | OK | |
r-oldrel-macos-arm64 | 0.1.4 | 52.00 | OK | |||
r-oldrel-macos-x86_64 | 0.1.4 | 82.00 | OK | |||
r-oldrel-windows-x86_64 | 0.1.4 | 6.00 | 103.00 | 109.00 | OK |
Version: 0.1.4
Check: package dependencies
Result: NOTE
Package suggested but not available for checking: ‘BEST’
Flavors: r-devel-linux-x86_64-debian-clang, r-devel-linux-x86_64-debian-gcc, r-devel-linux-x86_64-fedora-clang, r-devel-linux-x86_64-fedora-gcc, r-patched-linux-x86_64, r-release-linux-x86_64, r-release-macos-arm64, r-release-macos-x86_64
Version: 0.1.4
Check: Rd cross-references
Result: NOTE
Found the following Rd file(s) with Rd \link{} targets missing package
anchors:
cpi.Rd: lrn, create.second_order
Please provide package anchors for all Rd \link{} targets not in the
package itself and the base packages.
Flavor: r-devel-windows-x86_64