Last updated on 2025-11-16 00:48:28 CET.
| Flavor | Version | Tinstall | Tcheck | Ttotal | Status | Flags |
|---|---|---|---|---|---|---|
| r-devel-linux-x86_64-debian-clang | 1.1.1 | 1.88 | 22.61 | 24.49 | OK | |
| r-devel-linux-x86_64-debian-gcc | 1.1.1 | 1.70 | 18.52 | 20.22 | NOTE | |
| r-devel-linux-x86_64-fedora-clang | 1.1.1 | 36.62 | OK | |||
| r-devel-linux-x86_64-fedora-gcc | 1.1.1 | 33.69 | OK | |||
| r-devel-windows-x86_64 | 1.1.1 | 11.00 | 41.00 | 52.00 | OK | |
| r-patched-linux-x86_64 | 1.1.1 | 2.16 | 21.60 | 23.76 | OK | |
| r-release-linux-x86_64 | 1.1.1 | 1.81 | 21.39 | 23.20 | OK | |
| r-release-macos-arm64 | 1.1.1 | 1.00 | 18.00 | 19.00 | OK | |
| r-release-macos-x86_64 | 1.1.1 | 2.00 | 26.00 | 28.00 | OK | |
| r-release-windows-x86_64 | 1.1.1 | 4.00 | 42.00 | 46.00 | OK | |
| r-oldrel-macos-arm64 | 1.1.1 | 1.00 | 21.00 | 22.00 | OK | |
| r-oldrel-macos-x86_64 | 1.1.1 | 3.00 | 28.00 | 31.00 | OK | |
| r-oldrel-windows-x86_64 | 1.1.1 | 7.00 | 48.00 | 55.00 | OK |
Version: 1.1.1
Check: CRAN incoming feasibility
Result: NOTE
Maintainer: ‘Sergio Ibarra-Espinosa <zergioibarra@gmail.com>’
The BugReports field in DESCRIPTION has
https://github.com/ibarraespinosa/cptcity/issues/
which should likely be
https://github.com/ibarraespinosa/cptcity/issues/issues
instead.
Flavor: r-devel-linux-x86_64-debian-gcc