Last updated on 2024-06-27 16:49:02 CEST.
Flavor | Version | Tinstall | Tcheck | Ttotal | Status | Flags |
---|---|---|---|---|---|---|
r-devel-linux-x86_64-debian-clang | 0.6.0 | OK | ||||
r-devel-linux-x86_64-debian-gcc | 0.6.0 | 6.10 | 340.91 | 347.01 | OK | |
r-devel-linux-x86_64-fedora-clang | 0.6.0 | 532.56 | NOTE | |||
r-devel-linux-x86_64-fedora-gcc | 0.6.0 | 595.33 | OK | |||
r-devel-windows-x86_64 | 0.6.0 | 9.00 | 322.00 | 331.00 | NOTE | |
r-patched-linux-x86_64 | 0.6.0 | 8.80 | 424.43 | 433.23 | OK | |
r-release-linux-x86_64 | 0.6.0 | 9.60 | 428.16 | 437.76 | OK | |
r-release-macos-arm64 | 0.6.0 | 157.00 | NOTE | |||
r-release-macos-x86_64 | 0.6.0 | 260.00 | NOTE | |||
r-release-windows-x86_64 | 0.6.0 | 9.00 | 318.00 | 327.00 | NOTE | |
r-oldrel-macos-arm64 | 0.6.0 | 195.00 | NOTE | |||
r-oldrel-macos-x86_64 | 0.6.0 | 346.00 | NOTE | |||
r-oldrel-windows-x86_64 | 0.6.0 | 13.00 | 439.00 | 452.00 | NOTE |
Version: 0.6.0
Check: installed package size
Result: NOTE
installed size is 5.4Mb
sub-directories of 1Mb or more:
doc 5.1Mb
Flavors: r-devel-linux-x86_64-fedora-clang, r-devel-windows-x86_64, r-release-macos-arm64, r-release-macos-x86_64, r-release-windows-x86_64, r-oldrel-macos-arm64, r-oldrel-macos-x86_64, r-oldrel-windows-x86_64