Last updated on 2025-04-29 13:51:20 CEST.
Flavor | Version | Tinstall | Tcheck | Ttotal | Status | Flags |
---|---|---|---|---|---|---|
r-devel-linux-x86_64-debian-clang | 0.0.6 | 1.99 | 23.32 | 25.31 | NOTE | |
r-devel-linux-x86_64-debian-gcc | 0.0.6 | 1.76 | 18.06 | 19.82 | NOTE | |
r-devel-linux-x86_64-fedora-clang | 0.0.6 | 42.44 | OK | |||
r-devel-linux-x86_64-fedora-gcc | 0.0.6 | 39.69 | OK | |||
r-devel-windows-x86_64 | 0.0.6 | 3.00 | 44.00 | 47.00 | OK | |
r-patched-linux-x86_64 | 0.0.6 | 2.51 | 22.42 | 24.93 | OK | |
r-release-linux-x86_64 | 0.0.6 | 2.42 | 22.58 | 25.00 | OK | |
r-release-macos-arm64 | 0.0.6 | 19.00 | OK | |||
r-release-macos-x86_64 | 0.0.6 | 27.00 | OK | |||
r-release-windows-x86_64 | 0.0.6 | 4.00 | 45.00 | 49.00 | OK | |
r-oldrel-macos-arm64 | 0.0.6 | 15.00 | OK | |||
r-oldrel-macos-x86_64 | 0.0.6 | 29.00 | OK | |||
r-oldrel-windows-x86_64 | 0.0.6 | 4.00 | 46.00 | 50.00 | OK |
Version: 0.0.6
Check: CRAN incoming feasibility
Result: NOTE
Maintainer: ‘Nick Kunz <nick.kunz@columbia.edu>’
No Authors@R field in DESCRIPTION.
Please add one, modifying
Authors@R: person(given = "Nick",
family = "Kunz",
role = c("aut", "cre"),
email = "nick.kunz@columbia.edu")
as necessary.
Flavors: r-devel-linux-x86_64-debian-clang, r-devel-linux-x86_64-debian-gcc