CRAN Package Check Results for Package credule

Last updated on 2025-07-18 07:49:27 CEST.

Flavor Version Tinstall Tcheck Ttotal Status Flags
r-devel-linux-x86_64-debian-clang 0.1.4 2.62 19.66 22.28 OK
r-devel-linux-x86_64-debian-gcc 0.1.4 2.12 17.04 19.16 OK
r-devel-linux-x86_64-fedora-clang 0.1.4 33.84 NOTE
r-devel-linux-x86_64-fedora-gcc 0.1.4 49.74 NOTE
r-devel-windows-x86_64 0.1.4 5.00 43.00 48.00 OK
r-patched-linux-x86_64 0.1.4 2.52 18.59 21.11 OK
r-release-linux-x86_64 0.1.4 2.23 18.67 20.90 OK
r-release-macos-arm64 0.1.4 24.00 OK
r-release-macos-x86_64 0.1.4 44.00 OK
r-release-windows-x86_64 0.1.4 6.00 42.00 48.00 OK
r-oldrel-macos-arm64 0.1.4 21.00 OK
r-oldrel-macos-x86_64 0.1.4 35.00 OK
r-oldrel-windows-x86_64 0.1.4 7.00 48.00 55.00 OK

Check Details

Version: 0.1.4
Check: compiled code
Result: NOTE File ‘credule/libs/credule.so’: Found no calls to: ‘R_registerRoutines’, ‘R_useDynamicSymbols’ It is good practice to register native routines and to disable symbol search. See ‘Writing portable packages’ in the ‘Writing R Extensions’ manual. Flavors: r-devel-linux-x86_64-fedora-clang, r-devel-linux-x86_64-fedora-gcc