Last updated on 2025-11-16 18:49:27 CET.
| Flavor | Version | Tinstall | Tcheck | Ttotal | Status | Flags |
|---|---|---|---|---|---|---|
| r-devel-linux-x86_64-debian-clang | 0.5.1 | 2.62 | 43.49 | 46.11 | OK | |
| r-devel-linux-x86_64-debian-gcc | 0.5.1 | 2.27 | 33.16 | 35.43 | NOTE | |
| r-devel-linux-x86_64-fedora-clang | 0.5.1 | 66.01 | OK | |||
| r-devel-linux-x86_64-fedora-gcc | 0.5.1 | 62.81 | OK | |||
| r-devel-windows-x86_64 | 0.5.1 | 8.00 | 65.00 | 73.00 | OK | |
| r-patched-linux-x86_64 | 0.5.1 | 3.12 | 40.21 | 43.33 | OK | |
| r-release-linux-x86_64 | 0.5.1 | 2.80 | 40.83 | 43.63 | OK | |
| r-release-macos-arm64 | 0.5.1 | 2.00 | 23.00 | 25.00 | OK | |
| r-release-macos-x86_64 | 0.5.1 | 3.00 | 38.00 | 41.00 | OK | |
| r-release-windows-x86_64 | 0.5.1 | 8.00 | 65.00 | 73.00 | OK | |
| r-oldrel-macos-arm64 | 0.5.1 | 2.00 | 22.00 | 24.00 | OK | |
| r-oldrel-macos-x86_64 | 0.5.1 | 3.00 | 30.00 | 33.00 | OK | |
| r-oldrel-windows-x86_64 | 0.5.1 | 7.00 | 74.00 | 81.00 | OK |
Version: 0.5.1
Check: CRAN incoming feasibility
Result: NOTE
Maintainer: ‘Jacob Kaplan <jkkaplan6@gmail.com>’
The BugReports field in DESCRIPTION has
https://github.com/jacobkap/crimeutils/issues/
which should likely be
https://github.com/jacobkap/crimeutils/issues/issues
instead.
Flavor: r-devel-linux-x86_64-debian-gcc