Last updated on 2025-04-29 13:51:20 CEST.
Flavor | Version | Tinstall | Tcheck | Ttotal | Status | Flags |
---|---|---|---|---|---|---|
r-devel-linux-x86_64-debian-clang | 0.0.21 | 5.99 | 63.13 | 69.12 | NOTE | |
r-devel-linux-x86_64-debian-gcc | 0.0.21 | 4.57 | 44.59 | 49.16 | NOTE | |
r-devel-linux-x86_64-fedora-clang | 0.0.21 | 119.15 | NOTE | |||
r-devel-linux-x86_64-fedora-gcc | 0.0.21 | 116.73 | NOTE | |||
r-devel-windows-x86_64 | 0.0.21 | 7.00 | 89.00 | 96.00 | NOTE | |
r-patched-linux-x86_64 | 0.0.21 | 7.72 | 60.44 | 68.16 | NOTE | |
r-release-linux-x86_64 | 0.0.21 | 4.51 | 61.21 | 65.72 | NOTE | |
r-release-macos-arm64 | 0.0.21 | 47.00 | NOTE | |||
r-release-macos-x86_64 | 0.0.21 | 68.00 | NOTE | |||
r-release-windows-x86_64 | 0.0.21 | 7.00 | 92.00 | 99.00 | NOTE | |
r-oldrel-macos-arm64 | 0.0.21 | 36.00 | NOTE | |||
r-oldrel-macos-x86_64 | 0.0.21 | 58.00 | NOTE | |||
r-oldrel-windows-x86_64 | 0.0.21 | 8.00 | 86.00 | 94.00 | NOTE |
Version: 0.0.21
Check: CRAN incoming feasibility
Result: NOTE
Maintainer: ‘Henning Redestig <henning.red@gmail.com>’
No Authors@R field in DESCRIPTION.
Please add one, modifying
Authors@R: person(given = "Henning",
family = "Redestig",
role = c("aut", "cre"),
email = "henning.red@gmail.com")
as necessary.
Package CITATION file contains call(s) to old-style citEntry(). Please
use bibentry() instead.
Flavors: r-devel-linux-x86_64-debian-clang, r-devel-linux-x86_64-debian-gcc
Version: 0.0.21
Check: Rd files
Result: NOTE
checkRd: (-1) normFit.Rd:39: Lost braces; missing escapes or markup?
39 | {analytes}}
| ^
checkRd: (-1) normPred.Rd:27: Lost braces
27 | ode{standards}, \code{analytes}}
| ^
Flavors: r-devel-linux-x86_64-debian-clang, r-devel-linux-x86_64-debian-gcc, r-devel-linux-x86_64-fedora-clang, r-devel-linux-x86_64-fedora-gcc, r-devel-windows-x86_64, r-patched-linux-x86_64, r-release-linux-x86_64, r-release-macos-arm64, r-release-macos-x86_64, r-release-windows-x86_64, r-oldrel-macos-arm64, r-oldrel-macos-x86_64, r-oldrel-windows-x86_64
Version: 0.0.21
Check: examples
Result: NOTE
Examples with CPU (user + system) or elapsed time > 5s
user system elapsed
normalize 6.184 0.025 6.802
Flavor: r-devel-linux-x86_64-debian-clang