Last updated on 2025-04-29 13:51:20 CEST.
Flavor | Version | Tinstall | Tcheck | Ttotal | Status | Flags |
---|---|---|---|---|---|---|
r-devel-linux-x86_64-debian-clang | 0.1.2 | 1.50 | 17.37 | 18.87 | NOTE | |
r-devel-linux-x86_64-debian-gcc | 0.1.2 | 1.39 | 13.82 | 15.21 | NOTE | |
r-devel-linux-x86_64-fedora-clang | 0.1.2 | 29.34 | OK | |||
r-devel-linux-x86_64-fedora-gcc | 0.1.2 | 28.27 | OK | |||
r-devel-windows-x86_64 | 0.1.2 | 2.00 | 37.00 | 39.00 | OK | |
r-patched-linux-x86_64 | 0.1.2 | 1.70 | 16.79 | 18.49 | OK | |
r-release-linux-x86_64 | 0.1.2 | 1.73 | 16.62 | 18.35 | OK | |
r-release-macos-arm64 | 0.1.2 | 15.00 | OK | |||
r-release-macos-x86_64 | 0.1.2 | 21.00 | OK | |||
r-release-windows-x86_64 | 0.1.2 | 2.00 | 41.00 | 43.00 | OK | |
r-oldrel-macos-arm64 | 0.1.2 | 14.00 | OK | |||
r-oldrel-macos-x86_64 | 0.1.2 | 20.00 | OK | |||
r-oldrel-windows-x86_64 | 0.1.2 | 2.00 | 36.00 | 38.00 | OK |
Version: 0.1.2
Check: CRAN incoming feasibility
Result: NOTE
Maintainer: ‘Junho Yang <junhoyang@stat.tamu.edu>’
No Authors@R field in DESCRIPTION.
Please add one, modifying
Authors@R: person(given = "Junho",
family = "Yang",
role = c("aut", "cre"),
email = "junhoyang@stat.tamu.edu")
as necessary.
Flavors: r-devel-linux-x86_64-debian-clang, r-devel-linux-x86_64-debian-gcc