Last updated on 2024-06-27 10:49:28 CEST.
Flavor | Version | Tinstall | Tcheck | Ttotal | Status | Flags |
---|---|---|---|---|---|---|
r-devel-linux-x86_64-debian-clang | 1.2.2 | OK | ||||
r-devel-linux-x86_64-debian-gcc | 1.2.2 | 4.55 | 74.04 | 78.59 | OK | |
r-devel-linux-x86_64-fedora-clang | 1.2.2 | 132.54 | NOTE | |||
r-devel-linux-x86_64-fedora-gcc | 1.2.2 | 149.03 | NOTE | |||
r-devel-windows-x86_64 | 1.2.2 | 7.00 | 93.00 | 100.00 | OK | |
r-patched-linux-x86_64 | 1.2.2 | 6.18 | 96.88 | 103.06 | OK | |
r-release-linux-x86_64 | 1.2.2 | 6.46 | 96.96 | 103.42 | OK | |
r-release-macos-arm64 | 1.2.2 | 46.00 | OK | |||
r-release-macos-x86_64 | 1.2.2 | 70.00 | OK | |||
r-release-windows-x86_64 | 1.2.2 | 7.00 | 93.00 | 100.00 | OK | |
r-oldrel-macos-arm64 | 1.2.2 | 51.00 | OK | |||
r-oldrel-macos-x86_64 | 1.2.2 | 87.00 | OK | |||
r-oldrel-windows-x86_64 | 1.2.2 | 9.00 | 105.00 | 114.00 | OK |
Version: 1.2.2
Check: data for non-ASCII characters
Result: NOTE
Note: found 2 marked UTF-8 strings
Flavors: r-devel-linux-x86_64-fedora-clang, r-devel-linux-x86_64-fedora-gcc