Last updated on 2025-10-24 11:50:43 CEST.
| Flavor | Version | Tinstall | Tcheck | Ttotal | Status | Flags |
|---|---|---|---|---|---|---|
| r-devel-linux-x86_64-debian-clang | 1.0.2 | 4.01 | 49.83 | 53.84 | NOTE | |
| r-devel-linux-x86_64-debian-gcc | 1.0.2 | 2.45 | 37.29 | 39.74 | NOTE | |
| r-devel-linux-x86_64-fedora-clang | 1.0.2 | 59.17 | NOTE | |||
| r-devel-linux-x86_64-fedora-gcc | 1.0.2 | 90.77 | NOTE | |||
| r-devel-windows-x86_64 | 1.0.2 | 6.00 | 61.00 | 67.00 | OK | |
| r-patched-linux-x86_64 | 1.0.2 | 3.89 | 46.88 | 50.77 | OK | |
| r-release-linux-x86_64 | 1.0.2 | 3.73 | 47.08 | 50.81 | OK | |
| r-release-macos-arm64 | 1.0.2 | 2.00 | 29.00 | 31.00 | OK | |
| r-release-macos-x86_64 | 1.0.2 | 3.00 | 57.00 | 60.00 | OK | |
| r-release-windows-x86_64 | 1.0.2 | 7.00 | 62.00 | 69.00 | OK | |
| r-oldrel-macos-arm64 | 1.0.2 | 2.00 | 25.00 | 27.00 | OK | |
| r-oldrel-macos-x86_64 | 1.0.2 | 3.00 | 42.00 | 45.00 | OK | |
| r-oldrel-windows-x86_64 | 1.0.2 | 7.00 | 77.00 | 84.00 | OK |
Version: 1.0.2
Check: CRAN incoming feasibility
Result: NOTE
Maintainer: ‘Kevin Stadler <a00425926@unet.univie.ac.at>’
Found the following URLs which should use \doi (with the DOI name only):
File ‘mantel.test.Rd’:
https://doi.org/10.1093/sysbio/32.1.21
https://doi.org/10.1086/341527
Flavors: r-devel-linux-x86_64-debian-clang, r-devel-linux-x86_64-debian-gcc
Version: 1.0.2
Check: dependencies in R code
Result: NOTE
Namespace in Imports field not imported from: ‘pspearman’
All declared Imports should be used.
Flavors: r-devel-linux-x86_64-fedora-clang, r-devel-linux-x86_64-fedora-gcc