CRAN Package Check Results for Package currentSurvival

Last updated on 2025-04-30 13:54:11 CEST.

Flavor Version Tinstall Tcheck Ttotal Status Flags
r-devel-linux-x86_64-debian-clang 1.1 7.97 63.38 71.35 NOTE
r-devel-linux-x86_64-debian-gcc 1.1 5.80 45.53 51.33 NOTE
r-devel-linux-x86_64-fedora-clang 1.1 108.23 OK
r-devel-linux-x86_64-fedora-gcc 1.1 102.73 OK
r-devel-windows-x86_64 1.1 9.00 79.00 88.00 OK
r-patched-linux-x86_64 1.1 7.66 59.42 67.08 OK
r-release-linux-x86_64 1.1 7.31 60.29 67.60 OK
r-release-macos-arm64 1.1 34.00 OK
r-release-macos-x86_64 1.1 64.00 OK
r-release-windows-x86_64 1.1 9.00 79.00 88.00 OK
r-oldrel-macos-arm64 1.1 33.00 OK
r-oldrel-macos-x86_64 1.1 50.00 OK
r-oldrel-windows-x86_64 1.1 12.00 87.00 99.00 OK

Check Details

Version: 1.1
Check: CRAN incoming feasibility
Result: NOTE Maintainer: ‘Eva Koritakova <koritakova@iba.muni.cz>’ No Authors@R field in DESCRIPTION. Please add one, modifying Authors@R: c(person(given = "Eva", family = "Koritakova", role = c("aut", "cre"), email = "koritakova@iba.muni.cz", comment = c(ROR = "Janousova")), person(given = "Tomas", family = "Pavlik", role = "aut"), person(given = "Jiri", family = "Mayer", role = "aut"), person(given = "Ladislav", family = "Dusek", role = "aut")) as necessary. Flavors: r-devel-linux-x86_64-debian-clang, r-devel-linux-x86_64-debian-gcc