Last updated on 2025-04-29 13:51:20 CEST.
Flavor | Version | Tinstall | Tcheck | Ttotal | Status | Flags |
---|---|---|---|---|---|---|
r-devel-linux-x86_64-debian-clang | 0.1.1 | 1.60 | 17.91 | 19.51 | NOTE | |
r-devel-linux-x86_64-debian-gcc | 0.1.1 | 1.26 | 14.84 | 16.10 | NOTE | |
r-devel-linux-x86_64-fedora-clang | 0.1.1 | 28.09 | OK | |||
r-devel-linux-x86_64-fedora-gcc | 0.1.1 | 26.54 | OK | |||
r-devel-windows-x86_64 | 0.1.1 | 2.00 | 35.00 | 37.00 | OK | |
r-patched-linux-x86_64 | 0.1.1 | 1.55 | 15.87 | 17.42 | OK | |
r-release-linux-x86_64 | 0.1.1 | 1.64 | 15.64 | 17.28 | OK | |
r-release-macos-arm64 | 0.1.1 | 14.00 | OK | |||
r-release-macos-x86_64 | 0.1.1 | 22.00 | OK | |||
r-release-windows-x86_64 | 0.1.1 | 3.00 | 39.00 | 42.00 | OK | |
r-oldrel-macos-arm64 | 0.1.1 | 14.00 | NOTE | |||
r-oldrel-macos-x86_64 | 0.1.1 | 20.00 | NOTE | |||
r-oldrel-windows-x86_64 | 0.1.1 | 3.00 | 34.00 | 37.00 | NOTE |
Version: 0.1.1
Check: CRAN incoming feasibility
Result: NOTE
Maintainer: ‘Thomas Lin Pedersen <thomasp85@gmail.com>’
No Authors@R field in DESCRIPTION.
Please add one, modifying
Authors@R: person(given = c("Thomas", "Lin"),
family = "Pedersen",
role = c("aut", "cre"),
email = "thomasp85@gmail.com")
as necessary.
Flavors: r-devel-linux-x86_64-debian-clang, r-devel-linux-x86_64-debian-gcc
Version: 0.1.1
Check: LazyData
Result: NOTE
'LazyData' is specified without a 'data' directory
Flavors: r-oldrel-macos-arm64, r-oldrel-macos-x86_64, r-oldrel-windows-x86_64