Last updated on 2024-06-27 16:49:02 CEST.
Flavor | Version | Tinstall | Tcheck | Ttotal | Status | Flags |
---|---|---|---|---|---|---|
r-devel-linux-x86_64-debian-clang | 1.6.1 | OK | ||||
r-devel-linux-x86_64-debian-gcc | 1.6.1 | 16.90 | 387.89 | 404.79 | OK | |
r-devel-linux-x86_64-fedora-clang | 1.6.1 | 669.41 | OK | |||
r-devel-linux-x86_64-fedora-gcc | 1.6.1 | 693.73 | OK | |||
r-devel-windows-x86_64 | 1.6.1 | 17.00 | 360.00 | 377.00 | OK | |
r-patched-linux-x86_64 | 1.6.1 | 25.04 | 516.42 | 541.46 | OK | |
r-release-linux-x86_64 | 1.6.1 | 14.69 | 513.25 | 527.94 | OK | |
r-release-macos-arm64 | 1.6.1 | 190.00 | OK | |||
r-release-macos-x86_64 | 1.6.1 | 281.00 | OK | |||
r-release-windows-x86_64 | 1.6.1 | 18.00 | 366.00 | 384.00 | OK | |
r-oldrel-macos-arm64 | 1.6.1 | 183.00 | OK | |||
r-oldrel-macos-x86_64 | 1.6.1 | 376.00 | NOTE | |||
r-oldrel-windows-x86_64 | 1.6.1 | 24.00 | 475.00 | 499.00 | OK |
Version: 1.6.1
Check: installed package size
Result: NOTE
installed size is 5.7Mb
sub-directories of 1Mb or more:
data 2.1Mb
doc 2.4Mb
Flavor: r-oldrel-macos-x86_64