CRAN Package Check Results for Package cycloids

Last updated on 2025-04-29 13:51:20 CEST.

Flavor Version Tinstall Tcheck Ttotal Status Flags
r-devel-linux-x86_64-debian-clang 1.0.2 1.81 27.78 29.59 NOTE
r-devel-linux-x86_64-debian-gcc 1.0.2 1.43 22.51 23.94 NOTE
r-devel-linux-x86_64-fedora-clang 1.0.2 45.07 OK
r-devel-linux-x86_64-fedora-gcc 1.0.2 44.45 OK
r-devel-windows-x86_64 1.0.2 3.00 48.00 51.00 OK
r-patched-linux-x86_64 1.0.2 2.12 26.75 28.87 OK
r-release-linux-x86_64 1.0.2 1.51 26.85 28.36 OK
r-release-macos-arm64 1.0.2 21.00 OK
r-release-macos-x86_64 1.0.2 34.00 OK
r-release-windows-x86_64 1.0.2 2.00 52.00 54.00 OK
r-oldrel-macos-arm64 1.0.2 20.00 OK
r-oldrel-macos-x86_64 1.0.2 30.00 OK
r-oldrel-windows-x86_64 1.0.2 3.00 47.00 50.00 OK

Check Details

Version: 1.0.2
Check: CRAN incoming feasibility
Result: NOTE Maintainer: ‘Peter Biber <castor.fiber@gmx.de>’ No Authors@R field in DESCRIPTION. Please add one, modifying Authors@R: person(given = "Peter", family = "Biber", role = c("aut", "cre"), email = "castor.fiber@gmx.de") as necessary. Flavors: r-devel-linux-x86_64-debian-clang, r-devel-linux-x86_64-debian-gcc