Last updated on 2025-04-29 13:51:21 CEST.
Flavor | Version | Tinstall | Tcheck | Ttotal | Status | Flags |
---|---|---|---|---|---|---|
r-devel-linux-x86_64-debian-clang | 1.2 | 37.70 | 297.85 | 335.55 | NOTE | |
r-devel-linux-x86_64-debian-gcc | 1.2 | 28.49 | 219.71 | 248.20 | NOTE | |
r-devel-linux-x86_64-fedora-clang | 1.2 | 544.61 | OK | |||
r-devel-linux-x86_64-fedora-gcc | 1.2 | 520.57 | OK | |||
r-devel-windows-x86_64 | 1.2 | 33.00 | 247.00 | 280.00 | OK | |
r-patched-linux-x86_64 | 1.2 | 38.16 | 280.11 | 318.27 | OK | |
r-release-linux-x86_64 | 1.2 | 35.12 | 278.46 | 313.58 | OK | |
r-release-macos-arm64 | 1.2 | 117.00 | OK | |||
r-release-macos-x86_64 | 1.2 | 18.00 | ERROR | |||
r-release-windows-x86_64 | 1.2 | 32.00 | 253.00 | 285.00 | OK | |
r-oldrel-macos-arm64 | 1.2 | 113.00 | NOTE | |||
r-oldrel-macos-x86_64 | 1.2 | 185.00 | NOTE | |||
r-oldrel-windows-x86_64 | 1.2 | 33.00 | 241.00 | 274.00 | NOTE |
Version: 1.2
Check: CRAN incoming feasibility
Result: NOTE
Maintainer: ‘Nicolae Teodor Melita <nt_melita@yahoo.com>’
No Authors@R field in DESCRIPTION.
Please add one, modifying
Authors@R: person(given = c("Nicolae", "Teodor"),
family = "Melita",
role = c("aut", "cre"),
email = "nt_melita@yahoo.com")
as necessary.
Flavors: r-devel-linux-x86_64-debian-clang, r-devel-linux-x86_64-debian-gcc
Version: 1.2
Check: package dependencies
Result: ERROR
Package required but not available: ‘MLInterfaces’
See section ‘The DESCRIPTION file’ in the ‘Writing R Extensions’
manual.
Flavor: r-release-macos-x86_64
Version: 1.2
Check: LazyData
Result: NOTE
'LazyData' is specified without a 'data' directory
Flavors: r-oldrel-macos-arm64, r-oldrel-macos-x86_64, r-oldrel-windows-x86_64