CRAN Package Check Results for Package daqapo

Last updated on 2025-11-16 00:48:28 CET.

Flavor Version Tinstall Tcheck Ttotal Status Flags
r-devel-linux-x86_64-debian-clang 0.3.2 12.06 107.66 119.72 OK
r-devel-linux-x86_64-debian-gcc 0.3.2 8.64 78.42 87.06 NOTE
r-devel-linux-x86_64-fedora-clang 0.3.2 28.00 153.50 181.50 OK
r-devel-linux-x86_64-fedora-gcc 0.3.2 25.00 157.09 182.09 OK
r-devel-windows-x86_64 0.3.2 16.00 113.00 129.00 OK
r-patched-linux-x86_64 0.3.2 12.24 97.46 109.70 OK
r-release-linux-x86_64 0.3.2 10.91 96.64 107.55 OK
r-release-macos-arm64 0.3.2 5.00 47.00 52.00 OK
r-release-macos-x86_64 0.3.2 12.00 108.00 120.00 OK
r-release-windows-x86_64 0.3.2 13.00 113.00 126.00 OK
r-oldrel-macos-arm64 0.3.2 5.00 46.00 51.00 OK
r-oldrel-macos-x86_64 0.3.2 7.00 69.00 76.00 OK
r-oldrel-windows-x86_64 0.3.2 22.00 140.00 162.00 OK

Check Details

Version: 0.3.2
Check: CRAN incoming feasibility
Result: NOTE Maintainer: ‘Niels Martin <niels.martin@uhasselt.be>’ The BugReports field in DESCRIPTION has https://github.com/bupaverse/daqapo/issues/ which should likely be https://github.com/bupaverse/daqapo/issues/issues instead. Flavor: r-devel-linux-x86_64-debian-gcc