Last updated on 2025-04-30 13:54:11 CEST.
Flavor | Version | Tinstall | Tcheck | Ttotal | Status | Flags |
---|---|---|---|---|---|---|
r-devel-linux-x86_64-debian-clang | 1.0.8 | 46.76 | 111.45 | 158.21 | OK | |
r-devel-linux-x86_64-debian-gcc | 1.0.8 | 41.36 | 77.95 | 119.31 | OK | |
r-devel-linux-x86_64-fedora-clang | 1.0.8 | 254.55 | OK | |||
r-devel-linux-x86_64-fedora-gcc | 1.0.8 | 228.73 | OK | |||
r-devel-windows-x86_64 | 1.0.8 | 52.00 | 114.00 | 166.00 | OK | |
r-patched-linux-x86_64 | 1.0.8 | 45.78 | 102.48 | 148.26 | OK | |
r-release-linux-x86_64 | 1.0.8 | 46.33 | 102.35 | 148.68 | OK | |
r-release-macos-arm64 | 1.0.8 | 91.00 | OK | |||
r-release-macos-x86_64 | 1.0.8 | 138.00 | OK | |||
r-release-windows-x86_64 | 1.0.8 | 53.00 | 115.00 | 168.00 | OK | |
r-oldrel-macos-arm64 | 1.0.8 | 85.00 | NOTE | |||
r-oldrel-macos-x86_64 | 1.0.8 | 173.00 | NOTE | |||
r-oldrel-windows-x86_64 | 1.0.8 | 62.00 | 138.00 | 200.00 | NOTE |
Version: 1.0.8
Check: installed package size
Result: NOTE
installed size is 5.9Mb
sub-directories of 1Mb or more:
data 4.5Mb
Flavors: r-oldrel-macos-arm64, r-oldrel-macos-x86_64, r-oldrel-windows-x86_64