Last updated on 2025-11-16 18:49:27 CET.
| Flavor | Version | Tinstall | Tcheck | Ttotal | Status | Flags |
|---|---|---|---|---|---|---|
| r-devel-linux-x86_64-debian-clang | 1.0.8 | 50.82 | 123.63 | 174.45 | OK | |
| r-devel-linux-x86_64-debian-gcc | 1.0.8 | 42.68 | 90.86 | 133.54 | OK | |
| r-devel-linux-x86_64-fedora-clang | 1.0.8 | 234.00 | 53.60 | 287.60 | OK | |
| r-devel-linux-x86_64-fedora-gcc | 1.0.8 | 94.00 | 154.06 | 248.06 | OK | |
| r-devel-windows-x86_64 | 1.0.8 | 56.00 | 116.00 | 172.00 | OK | |
| r-patched-linux-x86_64 | 1.0.8 | 50.38 | 116.08 | 166.46 | OK | |
| r-release-linux-x86_64 | 1.0.8 | 49.58 | 116.34 | 165.92 | OK | |
| r-release-macos-arm64 | 1.0.8 | 40.00 | 51.00 | 91.00 | OK | |
| r-release-macos-x86_64 | 1.0.8 | 52.00 | 86.00 | 138.00 | OK | |
| r-release-windows-x86_64 | 1.0.8 | 53.00 | 115.00 | 168.00 | OK | |
| r-oldrel-macos-arm64 | 1.0.8 | 36.00 | 49.00 | 85.00 | NOTE | |
| r-oldrel-macos-x86_64 | 1.0.8 | 64.00 | 109.00 | 173.00 | NOTE | |
| r-oldrel-windows-x86_64 | 1.0.8 | 66.00 | 147.00 | 213.00 | NOTE |
Version: 1.0.8
Check: installed package size
Result: NOTE
installed size is 5.9Mb
sub-directories of 1Mb or more:
data 4.5Mb
Flavors: r-oldrel-macos-arm64, r-oldrel-macos-x86_64, r-oldrel-windows-x86_64