Last updated on 2024-06-27 10:49:29 CEST.
Flavor | Version | Tinstall | Tcheck | Ttotal | Status | Flags |
---|---|---|---|---|---|---|
r-devel-linux-x86_64-debian-clang | 0.1.4 | NOTE | ||||
r-devel-linux-x86_64-debian-gcc | 0.1.4 | 1.97 | 17.98 | 19.95 | NOTE | |
r-devel-linux-x86_64-fedora-clang | 0.1.4 | 34.13 | NOTE | |||
r-devel-linux-x86_64-fedora-gcc | 0.1.4 | 34.56 | NOTE | |||
r-devel-windows-x86_64 | 0.1.4 | 3.00 | 39.00 | 42.00 | NOTE | |
r-patched-linux-x86_64 | 0.1.4 | 2.71 | 22.61 | 25.32 | NOTE | |
r-release-linux-x86_64 | 0.1.4 | 2.15 | 22.62 | 24.77 | NOTE | |
r-release-macos-arm64 | 0.1.4 | 13.00 | NOTE | |||
r-release-macos-x86_64 | 0.1.4 | 29.00 | NOTE | |||
r-release-windows-x86_64 | 0.1.4 | 4.00 | 41.00 | 45.00 | NOTE | |
r-oldrel-macos-arm64 | 0.1.4 | 16.00 | NOTE | |||
r-oldrel-macos-x86_64 | 0.1.4 | 21.00 | NOTE | |||
r-oldrel-windows-x86_64 | 0.1.4 | 3.00 | 41.00 | 44.00 | NOTE |
Version: 0.1.4
Check: package dependencies
Result: NOTE
Package suggested but not available for checking: ‘SASxport’
Flavors: r-devel-linux-x86_64-debian-clang, r-devel-linux-x86_64-debian-gcc, r-devel-linux-x86_64-fedora-clang, r-devel-linux-x86_64-fedora-gcc, r-devel-windows-x86_64, r-patched-linux-x86_64, r-release-linux-x86_64, r-release-macos-arm64, r-release-macos-x86_64, r-release-windows-x86_64, r-oldrel-macos-arm64, r-oldrel-macos-x86_64, r-oldrel-windows-x86_64
Version: 0.1.4
Check: LazyData
Result: NOTE
'LazyData' is specified without a 'data' directory
Flavors: r-devel-linux-x86_64-debian-clang, r-devel-linux-x86_64-debian-gcc, r-devel-linux-x86_64-fedora-clang, r-devel-linux-x86_64-fedora-gcc, r-devel-windows-x86_64, r-patched-linux-x86_64, r-release-linux-x86_64, r-release-macos-arm64, r-release-macos-x86_64, r-release-windows-x86_64, r-oldrel-macos-arm64, r-oldrel-macos-x86_64, r-oldrel-windows-x86_64