CRAN Package Check Results for Package dbstats

Last updated on 2025-04-29 13:51:20 CEST.

Flavor Version Tinstall Tcheck Ttotal Status Flags
r-devel-linux-x86_64-debian-clang 2.0.2 6.45 50.22 56.67 NOTE
r-devel-linux-x86_64-debian-gcc 2.0.2 3.77 35.66 39.43 NOTE
r-devel-linux-x86_64-fedora-clang 2.0.2 87.45 OK
r-devel-linux-x86_64-fedora-gcc 2.0.2 86.26 OK
r-devel-windows-x86_64 2.0.2 6.00 71.00 77.00 NOTE
r-patched-linux-x86_64 2.0.2 5.60 49.55 55.15 NOTE
r-release-linux-x86_64 2.0.2 5.83 50.18 56.01 NOTE
r-release-macos-arm64 2.0.2 27.00 OK
r-release-macos-x86_64 2.0.2 70.00 OK
r-release-windows-x86_64 2.0.2 6.00 72.00 78.00 NOTE
r-oldrel-macos-arm64 2.0.2 26.00 OK
r-oldrel-macos-x86_64 2.0.2 44.00 OK
r-oldrel-windows-x86_64 2.0.2 6.00 83.00 89.00 OK

Check Details

Version: 2.0.2
Check: CRAN incoming feasibility
Result: NOTE Maintainer: ‘Eva Boj <evaboj@ub.edu>’ No Authors@R field in DESCRIPTION. Please add one, modifying Authors@R: c(person(family = "Boj", role = "aut"), person(family = "Eva", role = c("aut", "cre"), email = "evaboj@ub.edu"), person(family = "Caballe", role = "aut"), person(family = "Adria", role = "aut", email = "adria.caballe@irb.barcelona.org"), person(family = "Delicado", role = "aut"), person(family = "Pedro", role = "aut", email = "pedro.delicado@upc.edu"), person(family = "Fortiana", role = "aut"), person(family = "Josep.", role = "aut", email = "fortiana@ub.edu")) as necessary. Flavors: r-devel-linux-x86_64-debian-clang, r-devel-linux-x86_64-debian-gcc

Version: 2.0.2
Check: Rd cross-references
Result: NOTE Found the following Rd file(s) with Rd \link{} targets missing package anchors: dbglm.Rd: daisy dblm.Rd: daisy dbplsr.Rd: plsr, daisy disttoD2.rd: daisy Please provide package anchors for all Rd \link{} targets not in the package itself and the base packages. Flavors: r-devel-linux-x86_64-debian-clang, r-devel-linux-x86_64-debian-gcc, r-devel-windows-x86_64, r-patched-linux-x86_64, r-release-linux-x86_64, r-release-windows-x86_64

Version: 2.0.2
Check: examples
Result: NOTE Examples with CPU (user + system) or elapsed time > 5s user system elapsed ldbglm 4.196 0.148 7.138 Flavor: r-devel-linux-x86_64-debian-clang