CRAN Package Check Results for Package deadband

Last updated on 2025-04-29 13:51:21 CEST.

Flavor Version Tinstall Tcheck Ttotal Status Flags
r-devel-linux-x86_64-debian-clang 0.1.0 2.02 18.56 20.58 NOTE
r-devel-linux-x86_64-debian-gcc 0.1.0 1.55 15.02 16.57 NOTE
r-devel-linux-x86_64-fedora-clang 0.1.0 31.07 OK
r-devel-linux-x86_64-fedora-gcc 0.1.0 29.92 OK
r-devel-windows-x86_64 0.1.0 4.00 41.00 45.00 OK
r-patched-linux-x86_64 0.1.0 1.82 17.77 19.59 OK
r-release-linux-x86_64 0.1.0 1.59 17.86 19.45 OK
r-release-macos-arm64 0.1.0 19.00 OK
r-release-macos-x86_64 0.1.0 24.00 OK
r-release-windows-x86_64 0.1.0 3.00 42.00 45.00 OK
r-oldrel-macos-arm64 0.1.0 14.00 OK
r-oldrel-macos-x86_64 0.1.0 21.00 OK
r-oldrel-windows-x86_64 0.1.0 4.00 41.00 45.00 OK

Check Details

Version: 0.1.0
Check: CRAN incoming feasibility
Result: NOTE Maintainer: ‘Nunzio Torrisi <nunzio.torrisi@ieee.org>’ No Authors@R field in DESCRIPTION. Please add one, modifying Authors@R: person(given = "Nunzio", family = "Torrisi", role = c("aut", "cre"), email = "nunzio.torrisi@ieee.org") as necessary. Flavors: r-devel-linux-x86_64-debian-clang, r-devel-linux-x86_64-debian-gcc