CRAN Package Check Results for Package deducorrect

Last updated on 2025-11-16 18:49:27 CET.

Flavor Version Tinstall Tcheck Ttotal Status Flags
r-devel-linux-x86_64-debian-clang 1.3.7 4.15 43.85 48.00 NOTE
r-devel-linux-x86_64-debian-gcc 1.3.7 3.51 34.84 38.35 NOTE
r-devel-linux-x86_64-fedora-clang 1.3.7 72.20 OK
r-devel-linux-x86_64-fedora-gcc 1.3.7 83.24 OK
r-devel-windows-x86_64 1.3.7 8.00 66.00 74.00 OK
r-patched-linux-x86_64 1.3.7 4.57 42.04 46.61 OK
r-release-linux-x86_64 1.3.7 4.38 41.85 46.23 OK
r-release-macos-arm64 1.3.7 2.00 36.00 38.00 OK
r-release-macos-x86_64 1.3.7 7.00 62.00 69.00 OK
r-release-windows-x86_64 1.3.7 6.00 159.00 165.00 OK
r-oldrel-macos-arm64 1.3.7 2.00 26.00 28.00 OK
r-oldrel-macos-x86_64 1.3.7 3.00 39.00 42.00 OK
r-oldrel-windows-x86_64 1.3.7 7.00 75.00 82.00 OK

Check Details

Version: 1.3.7
Check: CRAN incoming feasibility
Result: NOTE Maintainer: ‘Mark van der Loo <mark.vanderloo@gmail.com>’ No Authors@R field in DESCRIPTION. Please add one, modifying Authors@R: c(person(given = "Mark", family = "van der Loo", role = c("aut", "cre"), email = "mark.vanderloo@gmail.com"), person(given = "Edwin", family = "de Jonge", role = "aut"), person(given = "Sander", family = "Scholtus", role = "aut")) as necessary. Flavors: r-devel-linux-x86_64-debian-clang, r-devel-linux-x86_64-debian-gcc