Last updated on 2025-11-16 12:49:27 CET.
| Flavor | Version | Tinstall | Tcheck | Ttotal | Status | Flags |
|---|---|---|---|---|---|---|
| r-devel-linux-x86_64-debian-clang | 0.1.1 | 5.96 | 92.70 | 98.66 | OK | |
| r-devel-linux-x86_64-debian-gcc | 0.1.1 | 4.26 | 70.97 | 75.23 | NOTE | |
| r-devel-linux-x86_64-fedora-clang | 0.1.1 | 31.00 | 135.51 | 166.51 | OK | |
| r-devel-linux-x86_64-fedora-gcc | 0.1.1 | 13.00 | 145.35 | 158.35 | OK | |
| r-devel-windows-x86_64 | 0.1.1 | 11.00 | 105.00 | 116.00 | OK | |
| r-patched-linux-x86_64 | 0.1.1 | 6.31 | 86.84 | 93.15 | OK | |
| r-release-linux-x86_64 | 0.1.1 | 5.96 | 89.15 | 95.11 | OK | |
| r-release-macos-arm64 | 0.1.1 | 4.00 | 69.00 | 73.00 | OK | |
| r-release-macos-x86_64 | 0.1.1 | 5.00 | 96.00 | 101.00 | OK | |
| r-release-windows-x86_64 | 0.1.1 | 9.00 | 105.00 | 114.00 | OK | |
| r-oldrel-macos-arm64 | 0.1.1 | 3.00 | 51.00 | 54.00 | OK | |
| r-oldrel-macos-x86_64 | 0.1.1 | 4.00 | 74.00 | 78.00 | OK | |
| r-oldrel-windows-x86_64 | 0.1.1 | 12.00 | 127.00 | 139.00 | OK |
Version: 0.1.1
Check: CRAN incoming feasibility
Result: NOTE
Maintainer: ‘Ruth Kristianingsih <ruth.kristianingsih30@gmail.com>’
The BugReports field in DESCRIPTION has
https://github.com/ruthkr/deepredeff/issues/
which should likely be
https://github.com/ruthkr/deepredeff/issues/issues
instead.
Flavor: r-devel-linux-x86_64-debian-gcc