CRAN Package Check Results for Package deldir

Last updated on 2025-11-16 18:49:27 CET.

Flavor Version Tinstall Tcheck Ttotal Status Flags
r-devel-linux-x86_64-debian-clang 2.0-4 11.08 38.13 49.21 NOTE
r-devel-linux-x86_64-debian-gcc 2.0-4 6.76 29.73 36.49 NOTE
r-devel-linux-x86_64-fedora-clang 2.0-4 18.00 52.55 70.55 OK
r-devel-linux-x86_64-fedora-gcc 2.0-4 17.00 49.49 66.49 OK
r-devel-windows-x86_64 2.0-4 24.00 68.00 92.00 OK
r-patched-linux-x86_64 2.0-4 6.58 36.24 42.82 OK
r-release-linux-x86_64 2.0-4 7.06 36.50 43.56 OK
r-release-macos-arm64 2.0-4 6.00 19.00 25.00 OK
r-release-macos-x86_64 2.0-4 10.00 36.00 46.00 OK
r-release-windows-x86_64 2.0-4 26.00 66.00 92.00 OK
r-oldrel-macos-arm64 2.0-4 7.00 26.00 33.00 OK
r-oldrel-macos-x86_64 2.0-4 6.00 30.00 36.00 OK
r-oldrel-windows-x86_64 2.0-4 19.00 67.00 86.00 OK

Check Details

Version: 2.0-4
Check: CRAN incoming feasibility
Result: NOTE Maintainer: ‘Rolf Turner <rolfturner@posteo.net>’ No Authors@R field in DESCRIPTION. Please add one, modifying Authors@R: person(given = "Rolf", family = "Turner", role = c("aut", "cre"), email = "rolfturner@posteo.net") as necessary. Flavors: r-devel-linux-x86_64-debian-clang, r-devel-linux-x86_64-debian-gcc