Last updated on 2025-07-18 07:49:28 CEST.
Flavor | Version | Tinstall | Tcheck | Ttotal | Status | Flags |
---|---|---|---|---|---|---|
r-devel-linux-x86_64-debian-clang | 0.2.0 | 8.88 | 97.46 | 106.34 | OK | |
r-devel-linux-x86_64-debian-gcc | 0.2.0 | 6.34 | 68.36 | 74.70 | OK | |
r-devel-linux-x86_64-fedora-clang | 0.2.0 | 173.54 | OK | |||
r-devel-linux-x86_64-fedora-gcc | 0.2.0 | 183.83 | OK | |||
r-devel-windows-x86_64 | 0.2.0 | 13.00 | 113.00 | 126.00 | OK | |
r-patched-linux-x86_64 | 0.2.0 | 9.90 | 88.57 | 98.47 | OK | |
r-release-linux-x86_64 | 0.2.0 | 8.70 | 88.86 | 97.56 | OK | |
r-release-macos-arm64 | 0.2.0 | 64.00 | OK | |||
r-release-macos-x86_64 | 0.2.0 | 103.00 | OK | |||
r-release-windows-x86_64 | 0.2.0 | 4.00 | 5.00 | 9.00 | ERROR | |
r-oldrel-macos-arm64 | 0.2.0 | 67.00 | NOTE | |||
r-oldrel-macos-x86_64 | 0.2.0 | 105.00 | NOTE | |||
r-oldrel-windows-x86_64 | 0.2.0 | 16.00 | 146.00 | 162.00 | NOTE |
Version: 0.2.0
Check: whether package can be installed
Result: ERROR
Installation failed.
Flavor: r-release-windows-x86_64
Version: 0.2.0
Check: package dependencies
Result: NOTE
Packages suggested but not available for checking: 'bGMYC', 'splits'
Flavors: r-oldrel-macos-arm64, r-oldrel-macos-x86_64, r-oldrel-windows-x86_64
Version: 0.2.0
Check: Rd cross-references
Result: NOTE
Packages unavailable to check Rd xrefs: ‘bGMYC’, ‘splits’
Flavors: r-oldrel-macos-arm64, r-oldrel-macos-x86_64, r-oldrel-windows-x86_64