CRAN Package Check Results for Package demoShiny

Last updated on 2025-04-29 13:51:21 CEST.

Flavor Version Tinstall Tcheck Ttotal Status Flags
r-devel-linux-x86_64-debian-clang 0.1 3.60 33.64 37.24 OK
r-devel-linux-x86_64-debian-gcc 0.1 2.63 26.99 29.62 OK
r-devel-linux-x86_64-fedora-clang 0.1 57.55 OK
r-devel-linux-x86_64-fedora-gcc 0.1 67.68 OK
r-devel-windows-x86_64 0.1 6.00 53.00 59.00 OK
r-patched-linux-x86_64 0.1 3.46 31.71 35.17 OK
r-release-linux-x86_64 0.1 3.40 31.34 34.74 OK
r-release-macos-arm64 0.1 38.00 OK
r-release-macos-x86_64 0.1 73.00 OK
r-release-windows-x86_64 0.1 6.00 55.00 61.00 OK
r-oldrel-macos-arm64 0.1 27.00 NOTE
r-oldrel-macos-x86_64 0.1 40.00 NOTE
r-oldrel-windows-x86_64 0.1 6.00 58.00 64.00 NOTE

Check Details

Version: 0.1
Check: LazyData
Result: NOTE 'LazyData' is specified without a 'data' directory Flavors: r-oldrel-macos-arm64, r-oldrel-macos-x86_64, r-oldrel-windows-x86_64