Last updated on 2025-11-16 00:48:29 CET.
| Flavor | Version | Tinstall | Tcheck | Ttotal | Status | Flags |
|---|---|---|---|---|---|---|
| r-devel-linux-x86_64-debian-clang | 1.2.2 | 110.37 | 59.97 | 170.34 | OK | |
| r-devel-linux-x86_64-debian-gcc | 1.2.2 | 84.38 | 49.00 | 133.38 | OK | |
| r-devel-linux-x86_64-fedora-clang | 1.2.2 | 241.00 | 80.36 | 321.36 | OK | |
| r-devel-linux-x86_64-fedora-gcc | 1.2.2 | 219.00 | 100.50 | 319.50 | OK | |
| r-devel-windows-x86_64 | 1.2.2 | 160.00 | 100.00 | 260.00 | OK | |
| r-patched-linux-x86_64 | 1.2.2 | 110.61 | 58.21 | 168.82 | OK | |
| r-release-linux-x86_64 | 1.2.2 | 111.14 | 57.84 | 168.98 | OK | |
| r-release-macos-arm64 | 1.2.2 | 41.00 | 39.00 | 80.00 | OK | |
| r-release-macos-x86_64 | 1.2.2 | 47.00 | 72.00 | 119.00 | OK | |
| r-release-windows-x86_64 | 1.2.2 | 139.00 | 102.00 | 241.00 | OK | |
| r-oldrel-macos-arm64 | 1.2.2 | 40.00 | 41.00 | 81.00 | NOTE | |
| r-oldrel-macos-x86_64 | 1.2.2 | 45.00 | 75.00 | 120.00 | NOTE | |
| r-oldrel-windows-x86_64 | 1.2.2 | 163.00 | 122.00 | 285.00 | NOTE |
Version: 1.2.2
Check: installed package size
Result: NOTE
installed size is 17.3Mb
sub-directories of 1Mb or more:
doc 2.4Mb
help 1.6Mb
libs 13.2Mb
Flavors: r-oldrel-macos-arm64, r-oldrel-macos-x86_64, r-oldrel-windows-x86_64