Last updated on 2025-11-18 20:49:30 CET.
| Flavor | Version | Tinstall | Tcheck | Ttotal | Status | Flags |
|---|---|---|---|---|---|---|
| r-devel-linux-x86_64-debian-clang | 0.2.0 | 11.02 | 68.87 | 79.89 | NOTE | |
| r-devel-linux-x86_64-debian-gcc | 0.2.0 | 8.24 | 51.47 | 59.71 | NOTE | |
| r-devel-linux-x86_64-fedora-clang | 0.2.0 | 21.00 | 96.86 | 117.86 | OK | |
| r-devel-linux-x86_64-fedora-gcc | 0.2.0 | 21.00 | 106.32 | 127.32 | OK | |
| r-devel-windows-x86_64 | 0.2.0 | 15.00 | 84.00 | 99.00 | OK | |
| r-patched-linux-x86_64 | 0.2.0 | 10.38 | 64.87 | 75.25 | OK | |
| r-release-linux-x86_64 | 0.2.0 | 10.15 | 65.47 | 75.62 | OK | |
| r-release-macos-arm64 | 0.2.0 | 8.00 | 55.00 | 63.00 | OK | |
| r-release-macos-x86_64 | 0.2.0 | 11.00 | 83.00 | 94.00 | OK | |
| r-release-windows-x86_64 | 0.2.0 | 12.00 | 83.00 | 95.00 | OK | |
| r-oldrel-macos-arm64 | 0.2.0 | 6.00 | 43.00 | 49.00 | OK | |
| r-oldrel-macos-x86_64 | 0.2.0 | 9.00 | 72.00 | 81.00 | OK | |
| r-oldrel-windows-x86_64 | 0.2.0 | 17.00 | 103.00 | 120.00 | OK |
Version: 0.2.0
Check: CRAN incoming feasibility
Result: NOTE
Maintainer: ‘James Ware <j.ware@imperial.ac.uk>’
Found the following URLs which should use \doi (with the DOI name only):
File ‘fmrpGenes.Rd’:
http://dx.doi.org/10.1016/j.cell.2011.06.013
Flavors: r-devel-linux-x86_64-debian-clang, r-devel-linux-x86_64-debian-gcc